{"id":1524,"date":"2015-05-08T18:47:19","date_gmt":"2015-05-08T18:47:19","guid":{"rendered":"http:\/\/donlucero.com\/?page_id=1524"},"modified":"2023-07-15T16:42:45","modified_gmt":"2023-07-15T16:42:45","slug":"privilege","status":"publish","type":"page","link":"https:\/\/donlucero.com\/index.php\/privilege","title":{"rendered":"Privilege"},"content":{"rendered":"<div class=\"projectInfoTitle font1\">Manumission \u2013 Balearic People \u2013 Meganite \u2013 FXXX House -Temporadas 2003 &#8211; 2004,&nbsp;Privilege &#8211; Ibiza &#8211; Espa\u00f1a<\/div>\n<p><!-- Final Tiles Grid Gallery for WordPress v3.5.8 free --><style>#ftg-1212 .tile .icon { color:#ffffff; }#ftg-1212 .ftg-items .loading-bar i { background:#666; }#ftg-1212 .ftg-items .loading-bar { background:#fff; }#ftg-1212 .tile .icon { font-size:12px; }#ftg-1212 .tile .icon { margin: -6px 0 0 -6px; }#ftg-1212 .tile .caption-block .text-wrapper span.text { font-size:12px; }#ftg-1212 .tile .caption-outside .text-wrapper span.text { font-size:12px; }#ftg-1212 .tile .caption-block .text-wrapper span.title { font-size:14px; }#ftg-1212 .tile .caption-outside .text-wrapper span.title { font-size:14px; }#ftg-1212 .tile { background-color: transparent; }#ftg-1212 .tile .caption-block .text-wrapper span.text { color: #ffffff; }#ftg-1212 .tile .caption-block .text-wrapper span.title { color: #ffffff; }#ftg-1212 .tile .caption-outside .text-wrapper span.text { color: #ffffff; }#ftg-1212 .tile .caption-outside .text-wrapper span.title { color: #ffffff; }#ftg-1212 .tile .ftg-social a { color: #ffffff; }#ftg-1212 .tile .caption-block { transition-duration:0.25s; }#ftg-1212 .tile .tile-inner:before { background-color: #000000; }#ftg-1212 .tile .tile-inner:before { background-color: rgba(0, 0, 0, 0.8); }#ftg-1212 .tile:hover img {-moz-transform: ;-webkit-transform: ;-o-transform: ;-ms-transform: ;transform: ;}#ftg-1212 .tile .icon {-moz-transition: all .5s;-webkit-transition: all .5s;-o-transition: all .5s;-ms-transition: all .5s;transition: all .5s;}#ftg-1212 .tile:hover .icon {-moz-transform: rotate(360deg);-webkit-transform: rotate(360deg);-o-transform: rotate(360deg);-ms-transform: rotate(360deg);transform: rotate(360deg);}<\/style><a name='12'><\/a><div class='final-tiles-gallery  ftg-hover-enabled caption-inside  caption-none caption-middle caption-center' id='ftg-1212' style='width:100%'><div class='ftg-items'><div  class='tile ftg-preload  '><a title=\"\" data-lightbox='ftg-1212' rel='ftg-1212'  class=' tile-inner  ftg-lightbox' href='https:\/\/donlucero.com\/wp-content\/uploads\/2012\/07\/184788_103750283038242_2347267_n.jpg' ><img alt='' class='item skip-lazy' data-class='item' data-ftg-source='http:\/\/donlucero.com\/wp-content\/uploads\/2012\/07\/184788_103750283038242_2347267_n-198x300.jpg' src='http:\/\/donlucero.com\/wp-content\/uploads\/2012\/07\/184788_103750283038242_2347267_n-198x300.jpg' width='318' height='480' \/><\/a><div class='ftg-social'><\/div><\/div><div  class='tile ftg-preload  '><a title=\"\" data-lightbox='ftg-1212' rel='ftg-1212'  class=' tile-inner  ftg-lightbox' href='https:\/\/donlucero.com\/wp-content\/uploads\/2012\/07\/180042_103729066373697_7607505_n.jpg' ><img alt='' class='item skip-lazy' data-class='item' data-ftg-source='http:\/\/donlucero.com\/wp-content\/uploads\/2012\/07\/180042_103729066373697_7607505_n-300x198.jpg' src='http:\/\/donlucero.com\/wp-content\/uploads\/2012\/07\/180042_103729066373697_7607505_n-300x198.jpg' width='640' height='424' \/><\/a><div class='ftg-social'><\/div><\/div><div  class='tile ftg-preload  '><a title=\"\" data-lightbox='ftg-1212' rel='ftg-1212'  class=' tile-inner  ftg-lightbox' href='https:\/\/donlucero.com\/wp-content\/uploads\/2012\/07\/183722_103750426371561_6547019_n.jpg' ><img alt='' class='item skip-lazy' data-class='item' data-ftg-source='http:\/\/donlucero.com\/wp-content\/uploads\/2012\/07\/183722_103750426371561_6547019_n-300x210.jpg' src='http:\/\/donlucero.com\/wp-content\/uploads\/2012\/07\/183722_103750426371561_6547019_n-300x210.jpg' width='500' height='350' \/><\/a><div class='ftg-social'><\/div><\/div><div  class='tile ftg-preload  '><a title=\"\" data-lightbox='ftg-1212' rel='ftg-1212'  class=' tile-inner  ftg-lightbox' href='https:\/\/donlucero.com\/wp-content\/uploads\/2012\/07\/180089_103750486371555_2358600_n.jpg' ><img alt='' class='item skip-lazy' data-class='item' data-ftg-source='http:\/\/donlucero.com\/wp-content\/uploads\/2012\/07\/180089_103750486371555_2358600_n-300x210.jpg' src='http:\/\/donlucero.com\/wp-content\/uploads\/2012\/07\/180089_103750486371555_2358600_n-300x210.jpg' width='500' height='350' \/><\/a><div class='ftg-social'><\/div><\/div><div  class='tile ftg-preload  '><a title=\"\" data-lightbox='ftg-1212' rel='ftg-1212'  class=' tile-inner  ftg-lightbox' href='https:\/\/donlucero.com\/wp-content\/uploads\/2012\/07\/180146_103750213038249_3292606_n.jpg' ><img alt='' class='item skip-lazy' data-class='item' data-ftg-source='http:\/\/donlucero.com\/wp-content\/uploads\/2012\/07\/180146_103750213038249_3292606_n-300x198.jpg' src='http:\/\/donlucero.com\/wp-content\/uploads\/2012\/07\/180146_103750213038249_3292606_n-300x198.jpg' width='640' height='424' \/><\/a><div class='ftg-social'><\/div><\/div><div  class='tile ftg-preload  '><a title=\"\" data-lightbox='ftg-1212' rel='ftg-1212'  class=' tile-inner  ftg-lightbox' href='https:\/\/donlucero.com\/wp-content\/uploads\/2012\/07\/180700_103750516371552_7154797_n.jpg' ><img alt='' class='item skip-lazy' data-class='item' data-ftg-source='http:\/\/donlucero.com\/wp-content\/uploads\/2012\/07\/180700_103750516371552_7154797_n-300x198.jpg' src='http:\/\/donlucero.com\/wp-content\/uploads\/2012\/07\/180700_103750516371552_7154797_n-300x198.jpg' width='640' height='424' \/><\/a><div class='ftg-social'><\/div><\/div><div  class='tile ftg-preload  '><a title=\"\" data-lightbox='ftg-1212' rel='ftg-1212'  class=' tile-inner  ftg-lightbox' href='https:\/\/donlucero.com\/wp-content\/uploads\/2012\/07\/180979_103750169704920_6650322_n.jpg' ><img alt='' class='item skip-lazy' data-class='item' data-ftg-source='http:\/\/donlucero.com\/wp-content\/uploads\/2012\/07\/180979_103750169704920_6650322_n-300x210.jpg' src='http:\/\/donlucero.com\/wp-content\/uploads\/2012\/07\/180979_103750169704920_6650322_n-300x210.jpg' width='500' height='350' \/><\/a><div class='ftg-social'><\/div><\/div><div  class='tile ftg-preload  '><a title=\"\" data-lightbox='ftg-1212' rel='ftg-1212'  class=' tile-inner  ftg-lightbox' href='https:\/\/donlucero.com\/wp-content\/uploads\/2012\/07\/182936_103728966373707_547934_n.jpg' ><img alt='' class='item skip-lazy' data-class='item' data-ftg-source='http:\/\/donlucero.com\/wp-content\/uploads\/2012\/07\/182936_103728966373707_547934_n-300x198.jpg' src='http:\/\/donlucero.com\/wp-content\/uploads\/2012\/07\/182936_103728966373707_547934_n-300x198.jpg' width='640' height='424' \/><\/a><div class='ftg-social'><\/div><\/div><div  class='tile ftg-preload  '><a title=\"\" data-lightbox='ftg-1212' rel='ftg-1212'  class=' tile-inner  ftg-lightbox' href='https:\/\/donlucero.com\/wp-content\/uploads\/2012\/07\/182943_103729123040358_6695248_n.jpg' ><img alt='' class='item skip-lazy' data-class='item' data-ftg-source='http:\/\/donlucero.com\/wp-content\/uploads\/2012\/07\/182943_103729123040358_6695248_n-300x225.jpg' src='http:\/\/donlucero.com\/wp-content\/uploads\/2012\/07\/182943_103729123040358_6695248_n-300x225.jpg' width='640' height='480' \/><\/a><div class='ftg-social'><\/div><\/div><div  class='tile ftg-preload  '><a title=\"\" data-lightbox='ftg-1212' rel='ftg-1212'  class=' tile-inner  ftg-lightbox' href='https:\/\/donlucero.com\/wp-content\/uploads\/2012\/07\/183144_103750389704898_7205342_n.jpg' ><img alt='' class='item skip-lazy' data-class='item' data-ftg-source='http:\/\/donlucero.com\/wp-content\/uploads\/2012\/07\/183144_103750389704898_7205342_n-300x198.jpg' src='http:\/\/donlucero.com\/wp-content\/uploads\/2012\/07\/183144_103750389704898_7205342_n-300x198.jpg' width='640' height='424' \/><\/a><div class='ftg-social'><\/div><\/div><div  class='tile ftg-preload  '><a title=\"\" data-lightbox='ftg-1212' rel='ftg-1212'  class=' tile-inner  ftg-lightbox' href='https:\/\/donlucero.com\/wp-content\/uploads\/2012\/07\/183191_103729003040370_8166593_n.jpg' ><img alt='' class='item skip-lazy' data-class='item' data-ftg-source='http:\/\/donlucero.com\/wp-content\/uploads\/2012\/07\/183191_103729003040370_8166593_n-300x210.jpg' src='http:\/\/donlucero.com\/wp-content\/uploads\/2012\/07\/183191_103729003040370_8166593_n-300x210.jpg' width='500' height='350' \/><\/a><div class='ftg-social'><\/div><\/div><div  class='tile ftg-preload  '><a title=\"\" data-lightbox='ftg-1212' rel='ftg-1212'  class=' tile-inner  ftg-lightbox' href='https:\/\/donlucero.com\/wp-content\/uploads\/2012\/07\/183302_103750363038234_7022938_n.jpg' ><img alt='' class='item skip-lazy' data-class='item' data-ftg-source='http:\/\/donlucero.com\/wp-content\/uploads\/2012\/07\/183302_103750363038234_7022938_n-300x198.jpg' src='http:\/\/donlucero.com\/wp-content\/uploads\/2012\/07\/183302_103750363038234_7022938_n-300x198.jpg' width='640' height='423' \/><\/a><div class='ftg-social'><\/div><\/div><div  class='tile ftg-preload  '><a title=\"\" data-lightbox='ftg-1212' rel='ftg-1212'  class=' tile-inner  ftg-lightbox' href='https:\/\/donlucero.com\/wp-content\/uploads\/2012\/07\/183739_103729093040361_533516_n.jpg' ><img alt='' class='item skip-lazy' data-class='item' data-ftg-source='http:\/\/donlucero.com\/wp-content\/uploads\/2012\/07\/183739_103729093040361_533516_n-300x198.jpg' src='http:\/\/donlucero.com\/wp-content\/uploads\/2012\/07\/183739_103729093040361_533516_n-300x198.jpg' width='640' height='424' \/><\/a><div class='ftg-social'><\/div><\/div><div  class='tile ftg-preload  '><a title=\"\" data-lightbox='ftg-1212' rel='ftg-1212'  class=' tile-inner  ftg-lightbox' href='https:\/\/donlucero.com\/wp-content\/uploads\/2012\/07\/185808_103729039707033_5578930_n.jpg' ><img alt='' class='item skip-lazy' data-class='item' data-ftg-source='http:\/\/donlucero.com\/wp-content\/uploads\/2012\/07\/185808_103729039707033_5578930_n-300x198.jpg' src='http:\/\/donlucero.com\/wp-content\/uploads\/2012\/07\/185808_103729039707033_5578930_n-300x198.jpg' width='640' height='424' \/><\/a><div class='ftg-social'><\/div><\/div><\/div><\/div><script type='text\/javascript'>jQuery('#ftg-1212 img.item').removeAttr('src');jQuery(document).ready(function () {setTimeout(function () {jQuery('#ftg-1212').finalTilesGallery({minTileWidth: 100,margin: 2,loadMethod: 'lazy',nonce: 'da0ec19fc3',galleryId: '12',setupFilters: true,layout: 'final',debug: false,gridSize: 43,disableGridSizeBelow:800,allowEnlargement: true,imageSizeFactor: [ [4000, 0.9],[1024, 0.8],[768, 0.7],[640, 0.6],[320, 0.5]],selectedFilter: 'n-a'});jQuery(function () {(function () {var rel = '';jQuery('#ftg-1212 .ftg-lightbox').click(function (e) {rel = jQuery(this).attr('rel');jQuery('#ftg-1212 .ftg-current').removeClass('ftg-current');jQuery('#ftg-1212 [rel=\"'+rel+'\"]').addClass('ftg-current');});})();});}, 0);});<\/script> Sinopsis La andadura de Privilege comenz\u00f3 en 1978 bajo el nombre de \u00abClub San Rafael\u00bb, cambiando su nombre por \u00abKU\u00bb durante m\u00e1s de 10 a\u00f1os, y asent\u00e1ndose como Privilege en 1993. Debido al \u00e9xito y a los cambios en las normativas, la discoteca, inicialmente tan solo una piscina al aire libre, fue creciendo hasta lo que es hoy en d\u00eda. Algunos visitantes famosos que han pisado el local son Jean-Paul Gaultier, Madonna y Paris Hilton.<\/p>\n<div class=\"projectInfoTitle font1\">Experiencia<\/div>\n<p>Este club es una leyenda en la isla , y es el mas grande del mundo seg\u00fan el libro Guiness de los records, cada a\u00f1o recibe multitudes en busca de algo de diversi\u00f3n y buena fiesta. Esas temporadas las de mayor convocatoria fueron Manumission y Balearic People. Cada d\u00eda, una fiesta diferente, con su estilo y decoraci\u00f3n propias, lo cual requer\u00eda crear un look acorde a cada una de las propuestas, y \u00e9sta fue la base mi trabajo. Conseguir que cada fiesta tuviera su identidad visual, su propia experiencia lum\u00ednica. Todo el tiempo van sucediendo cosas aqu\u00ed y all\u00e1, shows, acr\u00f3batas, performers y gogos, simult\u00e1neamente con los ritmos, climas y subidones de los mejores Dj\u00b4s de la escena mundial. Para controlar todas estas situaciones utilic\u00e9 una GrandMA light, que me permiti\u00f3 cubrir todas estas necesidades perfectamente.<\/p>\n<div class=\"projectInfoTitle font1\">Links<\/div>\n<ul>\n<li><a href=\"http:\/\/privilegeibiza.com\" target=\"_blank\" rel=\"noopener\">Web oficial<\/a><\/li>\n<li><a href=\"https:\/\/www.facebook.com\/PrivilegeIbiza?fref=ts\" target=\"_blank\" rel=\"noopener\">Facebook<\/a><\/li>\n<li><a href=\"https:\/\/es.wikipedia.org\/wiki\/Privilege_(discoteca)\" target=\"_blank\" rel=\"noopener\">Wikipedia<\/a><\/li>\n<\/ul>\n","protected":false},"excerpt":{"rendered":"<p>Manumission \u2013 Balearic People \u2013 Meganite \u2013 FXXX House -Temporadas 2003 &#8211; 2004,&nbsp;Privilege &#8211; Ibiza &#8211; Espa\u00f1a Sinopsis La andadura de Privilege comenz\u00f3 en 1978 bajo el nombre de \u00abClub San Rafael\u00bb, cambiando su nombre por \u00abKU\u00bb durante m\u00e1s de 10 a\u00f1os, y asent\u00e1ndose como Privilege en 1993. Debido al \u00e9xito y a los cambios<\/p>\n","protected":false},"author":1,"featured_media":0,"parent":0,"menu_order":0,"comment_status":"open","ping_status":"open","template":"","meta":[],"_links":{"self":[{"href":"https:\/\/donlucero.com\/index.php\/wp-json\/wp\/v2\/pages\/1524"}],"collection":[{"href":"https:\/\/donlucero.com\/index.php\/wp-json\/wp\/v2\/pages"}],"about":[{"href":"https:\/\/donlucero.com\/index.php\/wp-json\/wp\/v2\/types\/page"}],"author":[{"embeddable":true,"href":"https:\/\/donlucero.com\/index.php\/wp-json\/wp\/v2\/users\/1"}],"replies":[{"embeddable":true,"href":"https:\/\/donlucero.com\/index.php\/wp-json\/wp\/v2\/comments?post=1524"}],"version-history":[{"count":9,"href":"https:\/\/donlucero.com\/index.php\/wp-json\/wp\/v2\/pages\/1524\/revisions"}],"predecessor-version":[{"id":2118,"href":"https:\/\/donlucero.com\/index.php\/wp-json\/wp\/v2\/pages\/1524\/revisions\/2118"}],"wp:attachment":[{"href":"https:\/\/donlucero.com\/index.php\/wp-json\/wp\/v2\/media?parent=1524"}],"curies":[{"name":"wp","href":"https:\/\/api.w.org\/{rel}","templated":true}]}}