{"id":1544,"date":"2015-05-10T20:06:30","date_gmt":"2015-05-10T20:06:30","guid":{"rendered":"http:\/\/donlucero.com\/?page_id=1544"},"modified":"2023-07-15T16:45:32","modified_gmt":"2023-07-15T16:45:32","slug":"madame-butterfly","status":"publish","type":"page","link":"https:\/\/donlucero.com\/index.php\/madame-butterfly","title":{"rendered":"Madame Butterfly"},"content":{"rendered":"<div class=\"projectInfoTitle font1\">Octubre 2010, Teatro La Laboral- Gij\u00f3n &#8211; Espa\u00f1a<\/div>\n<!-- Final Tiles Grid Gallery for WordPress v3.5.8 free --><style>#ftg-2121 .tile .icon { color:#ffffff; }#ftg-2121 .ftg-items .loading-bar i { background:#666; }#ftg-2121 .ftg-items .loading-bar { background:#fff; }#ftg-2121 .tile .icon { font-size:12px; }#ftg-2121 .tile .icon { margin: -6px 0 0 -6px; }#ftg-2121 .tile .caption-block .text-wrapper span.text { font-size:12px; }#ftg-2121 .tile .caption-outside .text-wrapper span.text { font-size:12px; }#ftg-2121 .tile .caption-block .text-wrapper span.title { font-size:14px; }#ftg-2121 .tile .caption-outside .text-wrapper span.title { font-size:14px; }#ftg-2121 .tile { background-color: transparent; }#ftg-2121 .tile .caption-block .text-wrapper span.text { color: #ffffff; }#ftg-2121 .tile .caption-block .text-wrapper span.title { color: #ffffff; }#ftg-2121 .tile .caption-outside .text-wrapper span.text { color: #ffffff; }#ftg-2121 .tile .caption-outside .text-wrapper span.title { color: #ffffff; }#ftg-2121 .tile .ftg-social a { color: #ffffff; }#ftg-2121 .tile .caption-block { transition-duration:0.25s; }#ftg-2121 .tile .tile-inner:before { background-color: #000000; }#ftg-2121 .tile .tile-inner:before { background-color: rgba(0, 0, 0, 0.8); }#ftg-2121 .tile:hover img {-moz-transform: ;-webkit-transform: ;-o-transform: ;-ms-transform: ;transform: ;}#ftg-2121 .tile .icon {-moz-transition: all .5s;-webkit-transition: all .5s;-o-transition: all .5s;-ms-transition: all .5s;transition: all .5s;}#ftg-2121 .tile:hover .icon {-moz-transform: rotate(360deg);-webkit-transform: rotate(360deg);-o-transform: rotate(360deg);-ms-transform: rotate(360deg);transform: rotate(360deg);}<\/style><a name='21'><\/a><div class='final-tiles-gallery  ftg-hover-enabled caption-inside  caption-none caption-middle caption-center' id='ftg-2121' style='width:100%'><div class='ftg-items'><div class='loading-bar'><i><\/i><\/div><div  class='tile ftg-preload  '><a title=\"\" data-lightbox='ftg-2121' rel='ftg-2121'  class=' tile-inner  ftg-lightbox' href='https:\/\/donlucero.com\/wp-content\/uploads\/2015\/07\/2010-11-09_IMG_2010-11-02_01.26.12__5196405.jpg' ><img alt='' class='item skip-lazy' data-class='item' data-ftg-source='http:\/\/donlucero.com\/wp-content\/uploads\/2015\/07\/2010-11-09_IMG_2010-11-02_01.26.12__5196405-150x150.jpg' src='http:\/\/donlucero.com\/wp-content\/uploads\/2015\/07\/2010-11-09_IMG_2010-11-02_01.26.12__5196405-150x150.jpg' width='318' height='162' \/><\/a><div class='ftg-social'><\/div><\/div><div  class='tile ftg-preload  '><a title=\"\" data-lightbox='ftg-2121' rel='ftg-2121'  class=' tile-inner  ftg-lightbox' href='https:\/\/donlucero.com\/wp-content\/uploads\/2015\/07\/2010-11-09_IMG_2010-11-02_01_26_14__5196402.jpg' ><img alt='' class='item skip-lazy' data-class='item' data-ftg-source='http:\/\/donlucero.com\/wp-content\/uploads\/2015\/07\/2010-11-09_IMG_2010-11-02_01_26_14__5196402-150x150.jpg' src='http:\/\/donlucero.com\/wp-content\/uploads\/2015\/07\/2010-11-09_IMG_2010-11-02_01_26_14__5196402-150x150.jpg' width='372' height='329' \/><\/a><div class='ftg-social'><\/div><\/div><div  class='tile ftg-preload  '><a title=\"\" data-lightbox='ftg-2121' rel='ftg-2121'  class=' tile-inner  ftg-lightbox' href='https:\/\/donlucero.com\/wp-content\/uploads\/2012\/07\/180162_103639289716008_2065158_n.jpg' ><img alt='' class='item skip-lazy' data-class='item' data-ftg-source='http:\/\/donlucero.com\/wp-content\/uploads\/2012\/07\/180162_103639289716008_2065158_n-300x199.jpg' src='http:\/\/donlucero.com\/wp-content\/uploads\/2012\/07\/180162_103639289716008_2065158_n-300x199.jpg' width='720' height='478' \/><\/a><div class='ftg-social'><\/div><\/div><div  class='tile ftg-preload  '><a title=\"\" data-lightbox='ftg-2121' rel='ftg-2121'  class=' tile-inner  ftg-lightbox' href='https:\/\/donlucero.com\/wp-content\/uploads\/2012\/07\/185647_103639756382628_4907173_n.jpg' ><img alt='' class='item skip-lazy' data-class='item' data-ftg-source='http:\/\/donlucero.com\/wp-content\/uploads\/2012\/07\/185647_103639756382628_4907173_n-300x199.jpg' src='http:\/\/donlucero.com\/wp-content\/uploads\/2012\/07\/185647_103639756382628_4907173_n-300x199.jpg' width='720' height='479' \/><\/a><div class='ftg-social'><\/div><\/div><div  class='tile ftg-preload  '><a title=\"\" data-lightbox='ftg-2121' rel='ftg-2121'  class=' tile-inner  ftg-lightbox' href='https:\/\/donlucero.com\/wp-content\/uploads\/2012\/07\/185755_103639603049310_3035329_n.jpg' ><img alt='' class='item skip-lazy' data-class='item' data-ftg-source='http:\/\/donlucero.com\/wp-content\/uploads\/2012\/07\/185755_103639603049310_3035329_n-300x199.jpg' src='http:\/\/donlucero.com\/wp-content\/uploads\/2012\/07\/185755_103639603049310_3035329_n-300x199.jpg' width='720' height='479' \/><\/a><div class='ftg-social'><\/div><\/div><\/div><\/div><script type='text\/javascript'>jQuery('#ftg-2121 img.item').removeAttr('src');jQuery(document).ready(function () {setTimeout(function () {jQuery('#ftg-2121').finalTilesGallery({minTileWidth: 100,margin: 2,loadMethod: 'sequential',nonce: '5f70a299c3',galleryId: '21',setupFilters: true,layout: 'columns',debug: false,gridSize: 43,disableGridSizeBelow:800,allowEnlargement: true,columns: [[4000, 3],[1024, 4],[800, 3],[480, 3],[320, 2]],selectedFilter: 'n-a'});jQuery(function () {(function () {var rel = '';jQuery('#ftg-2121 .ftg-lightbox').click(function (e) {rel = jQuery(this).attr('rel');jQuery('#ftg-2121 .ftg-current').removeClass('ftg-current');jQuery('#ftg-2121 [rel=\"'+rel+'\"]').addClass('ftg-current');});})();});}, 0);});<\/script>\n<div class=\"projectInfoTitle font1\">Sinopsis<\/div>\n<p>El Teatro de la Laboral ha acogido la obra m\u00e1s querida por Giacomo Puccini, &#8216;Madama Butterfly&#8217;, que junto a a &#8216;Tosca&#8217; y &#8216;La Boh\u00e8me&#8217;, es asimismo la m\u00e1s llevada a los escenarios desde su estreno en Mil\u00e1n, en 1904.<br \/>\nLa historia de la gheisa -Madama Butterfly, que transcurre en Jap\u00f3n a finales del siglo XIX, desarrollando un amor tr\u00e1gico entre la joven protagonista y el marinero del &#8216;Abraham Lincoln&#8217;, Pinkerton.<br \/>\nMadama Butterfly ofrece una imagen lu\u0301cida y empa\u0301tica de un viaje psicolo\u0301gico. La o\u0301pera pinta el crecimiento del personaje principal desde su posicio\u0301n como muchacha inocente hasta la de joven madura (durante el duetto de amor), para pasar luego a la de mujer madre y ma\u0301rtir. La presencia de Butterfly sobre el escenario de forma pra\u0301cticamente continua durante toda la o\u0301pera convierte a e\u0301sta en una obra de una sola mujer, y Puccini trata su situacio\u0301n con gran dignidad.<br \/>\nEs una \u00f3pera que siempre emociona.<\/p>\n<div class=\"projectInfoTitle font1\">Experiencia<\/div>\n<p>Iluminar esta \u00f3pera result\u00f3 ser un desaf\u00edo art\u00edstico, personal y profesional muy interesante, una sustituci\u00f3n de \u00faltima hora, con poco tiempo de montaje y algo de informaci\u00f3n, tuve que planificar, estudiar la obra y tomar decisiones r\u00e1pidamente.<br \/>\nCon el apoyo del equipo t\u00e9cnico local y el de gira, logramos dar vida a una escenograf\u00eda muy sugerente, crecer con la tan pasional y brillante m\u00fasica, y entrar en el mundo \u201cpucciniano\u201d de una manera elegante y sencillo. Lentamente la \u00f3pera nos da la se\u00f1al que comienza el drama para nuestra protagonista en su pintoresco paisaje japon\u00e9s, un breve momento de felicidad que se destruye, hasta terminar con la tragedia de la manera mas digna, si no se puede vivir con dignidad, seg\u00fan la cultura oriental.<br \/>\nUna propuesta est\u00e9tica mas po\u00e9tica que naturalista, donde permitiera que los sentimientos que transmiten la m\u00fasica, el amor y la traici\u00f3n, la esperanza y la nostalgia y el conmovedor final fueran un punto mas emocionables.<\/p>\n<div class=\"projectInfoTitle font1\">Ficha T\u00e9cnica<\/div>\n<ul>\n<li>Producci\u00f3n: Jos\u00e9 Luis Moreno<\/li>\n<li>Direcci\u00f3n Musical: \u00d3liver D\u00edaz<\/li>\n<li>Soprano: Solange Aroca<\/li>\n<li>Tenor: Marcello Bedoni<\/li>\n<li>Bar\u00edtono:&nbsp;Enrique S\u00e1nchez<\/li>\n<li>Mezzosoprano:&nbsp;Lorena Valero<\/li>\n<li>Dise\u00f1o Escenograf\u00eda: Jos\u00e9 Mar\u00eda Broia<\/li>\n<li>Regidora: Afrika<\/li>\n<li>Iluminador: Ezequiel Nobili<\/li>\n<li>Vestuario: Crystal Forest<\/li>\n<li>Coreograf\u00eda:<strong>&nbsp;<\/strong>Carlos Vil\u00e1n<strong>&nbsp;&nbsp;&nbsp; <\/strong><\/li>\n<li>Jefe de Producci\u00f3n:<strong>&nbsp;<\/strong>Oriol Subirana<\/li>\n<\/ul>\n<div class=\"projectInfoTitle font1\">Links<\/div>\n<ul>\n<li><a href=\"http:\/\/www.youmoretv.com\/kulteperalia\/\" target=\"_blank\" rel=\"noopener\">Web producci\u00f3n<\/a><\/li>\n<li><a href=\"https:\/\/www.facebook.com\/oliver.diaz.5243?fref=ufi&amp;pnref=story\" target=\"_blank\" rel=\"noopener\">Facebook&nbsp;del artista<\/a><\/li>\n<li><a href=\"https:\/\/www.facebook.com\/profile.php?id=100007572469131\" target=\"_blank\" rel=\"noopener\">Facebook&nbsp;del artista<\/a><\/li>\n<li><a href=\"https:\/\/es.wikipedia.org\/wiki\/Madama_Butterfly\" target=\"_blank\" rel=\"noopener\">Wikipedia<\/a><\/li>\n<li><a href=\"https:\/\/es.wikipedia.org\/wiki\/Miram\u00f3n_Mendi\" target=\"_blank\" rel=\"noopener\">Wikipedia<\/a><\/li>\n<li><a href=\"https:\/\/www.facebook.com\/donlucero123\/media_set?set=a.103638969716040.7812.100002098126955&amp;type=3\" target=\"_blank\" rel=\"noopener\">Fotos<\/a><\/li>\n<\/ul>\n","protected":false},"excerpt":{"rendered":"<p>Octubre 2010, Teatro La Laboral- Gij\u00f3n &#8211; Espa\u00f1a Sinopsis El Teatro de la Laboral ha acogido la obra m\u00e1s querida por Giacomo Puccini, &#8216;Madama Butterfly&#8217;, que junto a a &#8216;Tosca&#8217; y &#8216;La Boh\u00e8me&#8217;, es asimismo la m\u00e1s llevada a los escenarios desde su estreno en Mil\u00e1n, en 1904. La historia de la gheisa -Madama Butterfly,<\/p>\n","protected":false},"author":1,"featured_media":0,"parent":0,"menu_order":0,"comment_status":"open","ping_status":"open","template":"","meta":[],"_links":{"self":[{"href":"https:\/\/donlucero.com\/index.php\/wp-json\/wp\/v2\/pages\/1544"}],"collection":[{"href":"https:\/\/donlucero.com\/index.php\/wp-json\/wp\/v2\/pages"}],"about":[{"href":"https:\/\/donlucero.com\/index.php\/wp-json\/wp\/v2\/types\/page"}],"author":[{"embeddable":true,"href":"https:\/\/donlucero.com\/index.php\/wp-json\/wp\/v2\/users\/1"}],"replies":[{"embeddable":true,"href":"https:\/\/donlucero.com\/index.php\/wp-json\/wp\/v2\/comments?post=1544"}],"version-history":[{"count":6,"href":"https:\/\/donlucero.com\/index.php\/wp-json\/wp\/v2\/pages\/1544\/revisions"}],"predecessor-version":[{"id":2125,"href":"https:\/\/donlucero.com\/index.php\/wp-json\/wp\/v2\/pages\/1544\/revisions\/2125"}],"wp:attachment":[{"href":"https:\/\/donlucero.com\/index.php\/wp-json\/wp\/v2\/media?parent=1544"}],"curies":[{"name":"wp","href":"https:\/\/api.w.org\/{rel}","templated":true}]}}

<div class="projectInfoTitle font1">Octubre 2010, Teatro La Laboral- Gijón &#8211; España</div>
<!-- Final Tiles Grid Gallery for WordPress v3.5.8 free --><style>#ftg-2121 .tile .icon { color:#ffffff; }#ftg-2121 .ftg-items .loading-bar i { background:#666; }#ftg-2121 .ftg-items .loading-bar { background:#fff; }#ftg-2121 .tile .icon { font-size:12px; }#ftg-2121 .tile .icon { margin: -6px 0 0 -6px; }#ftg-2121 .tile .caption-block .text-wrapper span.text { font-size:12px; }#ftg-2121 .tile .caption-outside .text-wrapper span.text { font-size:12px; }#ftg-2121 .tile .caption-block .text-wrapper span.title { font-size:14px; }#ftg-2121 .tile .caption-outside .text-wrapper span.title { font-size:14px; }#ftg-2121 .tile { background-color: transparent; }#ftg-2121 .tile .caption-block .text-wrapper span.text { color: #ffffff; }#ftg-2121 .tile .caption-block .text-wrapper span.title { color: #ffffff; }#ftg-2121 .tile .caption-outside .text-wrapper span.text { color: #ffffff; }#ftg-2121 .tile .caption-outside .text-wrapper span.title { color: #ffffff; }#ftg-2121 .tile .ftg-social a { color: #ffffff; }#ftg-2121 .tile .caption-block { transition-duration:0.25s; }#ftg-2121 .tile .tile-inner:before { background-color: #000000; }#ftg-2121 .tile .tile-inner:before { background-color: rgba(0, 0, 0, 0.8); }#ftg-2121 .tile:hover img {-moz-transform: ;-webkit-transform: ;-o-transform: ;-ms-transform: ;transform: ;}#ftg-2121 .tile .icon {-moz-transition: all .5s;-webkit-transition: all .5s;-o-transition: all .5s;-ms-transition: all .5s;transition: all .5s;}#ftg-2121 .tile:hover .icon {-moz-transform: rotate(360deg);-webkit-transform: rotate(360deg);-o-transform: rotate(360deg);-ms-transform: rotate(360deg);transform: rotate(360deg);}</style><a name='21'></a><div class='final-tiles-gallery  ftg-hover-enabled caption-inside  caption-none caption-middle caption-center' id='ftg-2121' style='width:100%'><div class='ftg-items'><div class='loading-bar'><i></i></div><div  class='tile ftg-preload  '><a title="" data-lightbox='ftg-2121' rel='ftg-2121'  class=' tile-inner  ftg-lightbox' href='https://donlucero.com/wp-content/uploads/2015/07/2010-11-09_IMG_2010-11-02_01.26.12__5196405.jpg' ><img alt='' class='item skip-lazy' data-class='item' data-ftg-source='http://donlucero.com/wp-content/uploads/2015/07/2010-11-09_IMG_2010-11-02_01.26.12__5196405-150x150.jpg' src='http://donlucero.com/wp-content/uploads/2015/07/2010-11-09_IMG_2010-11-02_01.26.12__5196405-150x150.jpg' width='318' height='162' /></a><div class='ftg-social'></div></div><div  class='tile ftg-preload  '><a title="" data-lightbox='ftg-2121' rel='ftg-2121'  class=' tile-inner  ftg-lightbox' href='https://donlucero.com/wp-content/uploads/2015/07/2010-11-09_IMG_2010-11-02_01_26_14__5196402.jpg' ><img alt='' class='item skip-lazy' data-class='item' data-ftg-source='http://donlucero.com/wp-content/uploads/2015/07/2010-11-09_IMG_2010-11-02_01_26_14__5196402-150x150.jpg' src='http://donlucero.com/wp-content/uploads/2015/07/2010-11-09_IMG_2010-11-02_01_26_14__5196402-150x150.jpg' width='372' height='329' /></a><div class='ftg-social'></div></div><div  class='tile ftg-preload  '><a title="" data-lightbox='ftg-2121' rel='ftg-2121'  class=' tile-inner  ftg-lightbox' href='https://donlucero.com/wp-content/uploads/2012/07/180162_103639289716008_2065158_n.jpg' ><img alt='' class='item skip-lazy' data-class='item' data-ftg-source='http://donlucero.com/wp-content/uploads/2012/07/180162_103639289716008_2065158_n-300x199.jpg' src='http://donlucero.com/wp-content/uploads/2012/07/180162_103639289716008_2065158_n-300x199.jpg' width='720' height='478' /></a><div class='ftg-social'></div></div><div  class='tile ftg-preload  '><a title="" data-lightbox='ftg-2121' rel='ftg-2121'  class=' tile-inner  ftg-lightbox' href='https://donlucero.com/wp-content/uploads/2012/07/185647_103639756382628_4907173_n.jpg' ><img alt='' class='item skip-lazy' data-class='item' data-ftg-source='http://donlucero.com/wp-content/uploads/2012/07/185647_103639756382628_4907173_n-300x199.jpg' src='http://donlucero.com/wp-content/uploads/2012/07/185647_103639756382628_4907173_n-300x199.jpg' width='720' height='479' /></a><div class='ftg-social'></div></div><div  class='tile ftg-preload  '><a title="" data-lightbox='ftg-2121' rel='ftg-2121'  class=' tile-inner  ftg-lightbox' href='https://donlucero.com/wp-content/uploads/2012/07/185755_103639603049310_3035329_n.jpg' ><img alt='' class='item skip-lazy' data-class='item' data-ftg-source='http://donlucero.com/wp-content/uploads/2012/07/185755_103639603049310_3035329_n-300x199.jpg' src='http://donlucero.com/wp-content/uploads/2012/07/185755_103639603049310_3035329_n-300x199.jpg' width='720' height='479' /></a><div class='ftg-social'></div></div></div></div><script type='text/javascript'>jQuery('#ftg-2121 img.item').removeAttr('src');jQuery(document).ready(function () {setTimeout(function () {jQuery('#ftg-2121').finalTilesGallery({minTileWidth: 100,margin: 2,loadMethod: 'sequential',nonce: '5f70a299c3',galleryId: '21',setupFilters: true,layout: 'columns',debug: false,gridSize: 43,disableGridSizeBelow:800,allowEnlargement: true,columns: [[4000, 3],[1024, 4],[800, 3],[480, 3],[320, 2]],selectedFilter: 'n-a'});jQuery(function () {(function () {var rel = '';jQuery('#ftg-2121 .ftg-lightbox').click(function (e) {rel = jQuery(this).attr('rel');jQuery('#ftg-2121 .ftg-current').removeClass('ftg-current');jQuery('#ftg-2121 [rel="'+rel+'"]').addClass('ftg-current');});})();});}, 0);});</script>
<div class="projectInfoTitle font1">Sinopsis</div>
<p>El Teatro de la Laboral ha acogido la obra más querida por Giacomo Puccini, &#8216;Madama Butterfly&#8217;, que junto a a &#8216;Tosca&#8217; y &#8216;La Bohème&#8217;, es asimismo la más llevada a los escenarios desde su estreno en Milán, en 1904.<br />
La historia de la gheisa -Madama Butterfly, que transcurre en Japón a finales del siglo XIX, desarrollando un amor trágico entre la joven protagonista y el marinero del &#8216;Abraham Lincoln&#8217;, Pinkerton.<br />
Madama Butterfly ofrece una imagen lúcida y empática de un viaje psicológico. La ópera pinta el crecimiento del personaje principal desde su posición como muchacha inocente hasta la de joven madura (durante el duetto de amor), para pasar luego a la de mujer madre y mártir. La presencia de Butterfly sobre el escenario de forma prácticamente continua durante toda la ópera convierte a ésta en una obra de una sola mujer, y Puccini trata su situación con gran dignidad.<br />
Es una ópera que siempre emociona.</p>
<div class="projectInfoTitle font1">Experiencia</div>
<p>Iluminar esta ópera resultó ser un desafío artístico, personal y profesional muy interesante, una sustitución de última hora, con poco tiempo de montaje y algo de información, tuve que planificar, estudiar la obra y tomar decisiones rápidamente.<br />
Con el apoyo del equipo técnico local y el de gira, logramos dar vida a una escenografía muy sugerente, crecer con la tan pasional y brillante música, y entrar en el mundo “pucciniano” de una manera elegante y sencillo. Lentamente la ópera nos da la señal que comienza el drama para nuestra protagonista en su pintoresco paisaje japonés, un breve momento de felicidad que se destruye, hasta terminar con la tragedia de la manera mas digna, si no se puede vivir con dignidad, según la cultura oriental.<br />
Una propuesta estética mas poética que naturalista, donde permitiera que los sentimientos que transmiten la música, el amor y la traición, la esperanza y la nostalgia y el conmovedor final fueran un punto mas emocionables.</p>
<div class="projectInfoTitle font1">Ficha Técnica</div>
<ul>
<li>Producción: José Luis Moreno</li>
<li>Dirección Musical: Óliver Díaz</li>
<li>Soprano: Solange Aroca</li>
<li>Tenor: Marcello Bedoni</li>
<li>Barítono:&nbsp;Enrique Sánchez</li>
<li>Mezzosoprano:&nbsp;Lorena Valero</li>
<li>Diseño Escenografía: José María Broia</li>
<li>Regidora: Afrika</li>
<li>Iluminador: Ezequiel Nobili</li>
<li>Vestuario: Crystal Forest</li>
<li>Coreografía:<strong>&nbsp;</strong>Carlos Vilán<strong>&nbsp;&nbsp;&nbsp; </strong></li>
<li>Jefe de Producción:<strong>&nbsp;</strong>Oriol Subirana</li>
</ul>
<div class="projectInfoTitle font1">Links</div>
<ul>
<li><a href="http://www.youmoretv.com/kulteperalia/" target="_blank" rel="noopener">Web producción</a></li>
<li><a href="https://www.facebook.com/oliver.diaz.5243?fref=ufi&amp;pnref=story" target="_blank" rel="noopener">Facebook&nbsp;del artista</a></li>
<li><a href="https://www.facebook.com/profile.php?id=100007572469131" target="_blank" rel="noopener">Facebook&nbsp;del artista</a></li>
<li><a href="https://es.wikipedia.org/wiki/Madama_Butterfly" target="_blank" rel="noopener">Wikipedia</a></li>
<li><a href="https://es.wikipedia.org/wiki/Miramón_Mendi" target="_blank" rel="noopener">Wikipedia</a></li>
<li><a href="https://www.facebook.com/donlucero123/media_set?set=a.103638969716040.7812.100002098126955&amp;type=3" target="_blank" rel="noopener">Fotos</a></li>
</ul>

<p>Octubre 2010, Teatro La Laboral- Gijón &#8211; España Sinopsis El Teatro de la Laboral ha acogido la obra más querida por Giacomo Puccini, &#8216;Madama Butterfly&#8217;, que junto a a &#8216;Tosca&#8217; y &#8216;La Bohème&#8217;, es asimismo la más llevada a los escenarios desde su estreno en Milán, en 1904. La historia de la gheisa -Madama Butterfly,</p>
