{"id":1553,"date":"2015-05-10T20:23:33","date_gmt":"2015-05-10T20:23:33","guid":{"rendered":"http:\/\/donlucero.com\/?page_id=1553"},"modified":"2023-07-15T16:42:58","modified_gmt":"2023-07-15T16:42:58","slug":"rafaelamargo","status":"publish","type":"page","link":"https:\/\/donlucero.com\/index.php\/rafaelamargo","title":{"rendered":"Rafael Amargo"},"content":{"rendered":"<div class=\"projectInfoTitle font1\">Tiempo Muerto, Enero 2007, Teatro Auditorio Ciudad de Alcobendas &#8211; Espa\u00f1a<\/div>\n<!-- Final Tiles Grid Gallery for WordPress v3.5.8 free --><style>#ftg-2525 .tile .icon { color:#ffffff; }#ftg-2525 .ftg-items .loading-bar i { background:#666; }#ftg-2525 .ftg-items .loading-bar { background:#fff; }#ftg-2525 .tile .icon { font-size:12px; }#ftg-2525 .tile .icon { margin: -6px 0 0 -6px; }#ftg-2525 .tile .caption-block .text-wrapper span.text { font-size:12px; }#ftg-2525 .tile .caption-outside .text-wrapper span.text { font-size:12px; }#ftg-2525 .tile .caption-block .text-wrapper span.title { font-size:14px; }#ftg-2525 .tile .caption-outside .text-wrapper span.title { font-size:14px; }#ftg-2525 .tile { background-color: transparent; }#ftg-2525 .tile .caption-block .text-wrapper span.text { color: #ffffff; }#ftg-2525 .tile .caption-block .text-wrapper span.title { color: #ffffff; }#ftg-2525 .tile .caption-outside .text-wrapper span.text { color: #ffffff; }#ftg-2525 .tile .caption-outside .text-wrapper span.title { color: #ffffff; }#ftg-2525 .tile .ftg-social a { color: #ffffff; }#ftg-2525 .tile .caption-block { transition-duration:0.25s; }#ftg-2525 .tile .tile-inner:before { background-color: #000000; }#ftg-2525 .tile .tile-inner:before { background-color: rgba(0, 0, 0, 0.8); }#ftg-2525 .tile:hover img {-moz-transform: ;-webkit-transform: ;-o-transform: ;-ms-transform: ;transform: ;}#ftg-2525 .tile .icon {-moz-transition: all .5s;-webkit-transition: all .5s;-o-transition: all .5s;-ms-transition: all .5s;transition: all .5s;}#ftg-2525 .tile:hover .icon {-moz-transform: rotate(360deg);-webkit-transform: rotate(360deg);-o-transform: rotate(360deg);-ms-transform: rotate(360deg);transform: rotate(360deg);}<\/style><a name='25'><\/a><div class='final-tiles-gallery  ftg-hover-enabled caption-inside  caption-none caption-middle caption-center' id='ftg-2525' style='width:100%'><div class='ftg-items'><div class='loading-bar'><i><\/i><\/div><div  class='tile ftg-preload  '><a title=\"\" data-lightbox='ftg-2525' rel='ftg-2525'  class=' tile-inner  ftg-lightbox' href='https:\/\/donlucero.com\/wp-content\/uploads\/2012\/07\/amarguete.2jpg.jpg' ><img alt='' class='item skip-lazy' data-class='item' data-ftg-source='http:\/\/donlucero.com\/wp-content\/uploads\/2012\/07\/amarguete.2jpg-300x240.jpg' src='http:\/\/donlucero.com\/wp-content\/uploads\/2012\/07\/amarguete.2jpg-300x240.jpg' width='720' height='576' \/><\/a><div class='ftg-social'><\/div><\/div><div  class='tile ftg-preload  '><a title=\"\" data-lightbox='ftg-2525' rel='ftg-2525'  class=' tile-inner  ftg-lightbox' href='https:\/\/donlucero.com\/wp-content\/uploads\/2012\/07\/amarguete.jpg' ><img alt='' class='item skip-lazy' data-class='item' data-ftg-source='http:\/\/donlucero.com\/wp-content\/uploads\/2012\/07\/amarguete-300x240.jpg' src='http:\/\/donlucero.com\/wp-content\/uploads\/2012\/07\/amarguete-300x240.jpg' width='720' height='576' \/><\/a><div class='ftg-social'><\/div><\/div><div  class='tile ftg-preload  '><a title=\"\" data-lightbox='ftg-2525' rel='ftg-2525'  class=' tile-inner  ftg-lightbox' href='https:\/\/donlucero.com\/wp-content\/uploads\/2012\/07\/amarguete3.jpg' ><img alt='' class='item skip-lazy' data-class='item' data-ftg-source='http:\/\/donlucero.com\/wp-content\/uploads\/2012\/07\/amarguete3-300x240.jpg' src='http:\/\/donlucero.com\/wp-content\/uploads\/2012\/07\/amarguete3-300x240.jpg' width='720' height='576' \/><\/a><div class='ftg-social'><\/div><\/div><div  class='tile ftg-preload  '><a title=\"\" data-lightbox='ftg-2525' rel='ftg-2525'  class=' tile-inner  ftg-lightbox' href='https:\/\/donlucero.com\/wp-content\/uploads\/2012\/07\/amarguete4.jpg' ><img alt='' class='item skip-lazy' data-class='item' data-ftg-source='http:\/\/donlucero.com\/wp-content\/uploads\/2012\/07\/amarguete4-300x240.jpg' src='http:\/\/donlucero.com\/wp-content\/uploads\/2012\/07\/amarguete4-300x240.jpg' width='720' height='576' \/><\/a><div class='ftg-social'><\/div><\/div><div  class='tile ftg-preload  '><a title=\"\" data-lightbox='ftg-2525' rel='ftg-2525'  class=' tile-inner  ftg-lightbox' href='https:\/\/donlucero.com\/wp-content\/uploads\/2012\/07\/amarguete5.jpg' ><img alt='' class='item skip-lazy' data-class='item' data-ftg-source='http:\/\/donlucero.com\/wp-content\/uploads\/2012\/07\/amarguete5-300x240.jpg' src='http:\/\/donlucero.com\/wp-content\/uploads\/2012\/07\/amarguete5-300x240.jpg' width='720' height='576' \/><\/a><div class='ftg-social'><\/div><\/div><div  class='tile ftg-preload  '><a title=\"\" data-lightbox='ftg-2525' rel='ftg-2525'  class=' tile-inner  ftg-lightbox' href='https:\/\/donlucero.com\/wp-content\/uploads\/2012\/07\/amarguete6.jpg' ><img alt='' class='item skip-lazy' data-class='item' data-ftg-source='http:\/\/donlucero.com\/wp-content\/uploads\/2012\/07\/amarguete6-300x240.jpg' src='http:\/\/donlucero.com\/wp-content\/uploads\/2012\/07\/amarguete6-300x240.jpg' width='720' height='576' \/><\/a><div class='ftg-social'><\/div><\/div><div  class='tile ftg-preload  '><a title=\"\" data-lightbox='ftg-2525' rel='ftg-2525'  class=' tile-inner  ftg-lightbox' href='https:\/\/donlucero.com\/wp-content\/uploads\/2012\/07\/amarguete7.jpg' ><img alt='' class='item skip-lazy' data-class='item' data-ftg-source='http:\/\/donlucero.com\/wp-content\/uploads\/2012\/07\/amarguete7-300x240.jpg' src='http:\/\/donlucero.com\/wp-content\/uploads\/2012\/07\/amarguete7-300x240.jpg' width='720' height='576' \/><\/a><div class='ftg-social'><\/div><\/div><div  class='tile ftg-preload  '><a title=\"\" data-lightbox='ftg-2525' rel='ftg-2525'  class=' tile-inner  ftg-lightbox' href='https:\/\/donlucero.com\/wp-content\/uploads\/2012\/07\/amarguete9.jpg' ><img alt='' class='item skip-lazy' data-class='item' data-ftg-source='http:\/\/donlucero.com\/wp-content\/uploads\/2012\/07\/amarguete9-300x240.jpg' src='http:\/\/donlucero.com\/wp-content\/uploads\/2012\/07\/amarguete9-300x240.jpg' width='720' height='576' \/><\/a><div class='ftg-social'><\/div><\/div><div  class='tile ftg-preload  '><a title=\"\" data-lightbox='ftg-2525' rel='ftg-2525'  class=' tile-inner  ftg-lightbox' href='https:\/\/donlucero.com\/wp-content\/uploads\/2012\/07\/amarguete8.jpg' ><img alt='' class='item skip-lazy' data-class='item' data-ftg-source='http:\/\/donlucero.com\/wp-content\/uploads\/2012\/07\/amarguete8-300x240.jpg' src='http:\/\/donlucero.com\/wp-content\/uploads\/2012\/07\/amarguete8-300x240.jpg' width='720' height='576' \/><\/a><div class='ftg-social'><\/div><\/div><\/div><\/div><script type='text\/javascript'>jQuery('#ftg-2525 img.item').removeAttr('src');jQuery(document).ready(function () {setTimeout(function () {jQuery('#ftg-2525').finalTilesGallery({minTileWidth: 100,margin: 2,loadMethod: 'sequential',nonce: 'df06a67071',galleryId: '25',setupFilters: true,layout: 'columns',debug: false,gridSize: 43,disableGridSizeBelow:800,allowEnlargement: true,columns: [[4000, 4],[1024, 4],[800, 3],[480, 3],[320, 2]],selectedFilter: 'n-a'});jQuery(function () {(function () {var rel = '';jQuery('#ftg-2525 .ftg-lightbox').click(function (e) {rel = jQuery(this).attr('rel');jQuery('#ftg-2525 .ftg-current').removeClass('ftg-current');jQuery('#ftg-2525 [rel=\"'+rel+'\"]').addClass('ftg-current');});})();});}, 0);});<\/script>\n<div class=\"projectInfoTitle font1\">Sinopsis<\/div>\n<p>Rafael Amargo es un bailar\u00edn y core\u00f3grafo ecl\u00e9ctico. Se ha inspirado en el m\u00e1s puro flamenco de sus maestros, pero a la vez ha asimilado otro tipo de tendencias coreogr\u00e1ficas, como las ense\u00f1anzas en la escuela de Marta Graham durante su estancia en Nueva York. Sus coreograf\u00edas rebosan una concepci\u00f3n tradicional y a la vez actual. A veces muy cercanas al baile contempor\u00e1neo, nunca pierden el punto de referencia de la esencia del flamenco. En esta ocasi\u00f3n con \u201cTiempo Muerto\u201d ofrece un montaje muy intimista y un poco oscuro.<\/p>\n<div class=\"projectInfoTitle font1\">Experiencia<\/div>\n<p>La intenci\u00f3n de esta puesta desprovista de grande escenograf\u00edas y marcada esencialmente por sus silencios y ritmos oscuros, deb\u00eda lograr unas im\u00e1genes que seduzcan al p\u00fablico sobre todo emocionalmente . Para este proyecto en la ecl\u00e9ctica etapa de Rafael, se ve un regreso hacia la esencia y coherencia mas pura del flamenco. Con una compleja y muy exigente coreograf\u00eda fuimos elaborando un plan para satisfacer y unir este c\u00f3ctel de danza embriagoso y espectacular.<\/p>\n<div class=\"projectInfoTitle font1\">Ficha Art\u00edstica<\/div>\n<ul>\n<li>Direcci\u00f3n y coreograf\u00eda: Rafael Amargo<\/li>\n<li>Bailaoras: Eli Ayala, Carmen Iglesias, Vera Le\u00f3n, Mara Mart\u00ednez `La Diosa\u00b4, Susi Parra<\/li>\n<li>Repetidora: Mara Mart\u00ednez<\/li>\n<li>M\u00fasica: Juan Parrilla, Flavio Rodr\u00edgues y Camar\u00f3n de Pitita<\/li>\n<li>M\u00fasicos: Flavio Rodr\u00edgues, Eduardo Cort\u00e9s, Maite Maya, Carmina Cort\u00e9s, Pedro Obreg\u00f3n, Antonio Maya, Moi Natenzon, Juan Parrilla, David Moreira, Jato, Susana Rico<\/li>\n<li>Letras: Rafael Amargo<\/li>\n<\/ul>\n<div class=\"projectInfoTitle font1\">Ficha T\u00e9cnica<\/div>\n<ul>\n<li>Direcci\u00f3n musical: Juan Parrilla y Flavio Rodr\u00edgues<\/li>\n<li>Sonido: \u00c1lex Gonz\u00e1lez<\/li>\n<li>Iluminaci\u00f3n: Ezequiel Nobili Fotograf\u00eda: Jes\u00fas Vallinas y \u00c1lvaro Villarrubia<\/li>\n<li>Dise\u00f1o gr\u00e1fico: Barbeito&amp;Manrique<\/li>\n<\/ul>\n<div class=\"projectInfoTitle font1\">Links<\/div>\n<ul>\n<li><a href=\"http:\/\/rafaelamargo.com\" target=\"_blank\" rel=\"noopener\">P\u00e1gina del artista<\/a><\/li>\n<li><a href=\"https:\/\/www.facebook.com\/lorcaygranada\" target=\"_blank\" rel=\"noopener\">Facebook del artista<\/a><\/li>\n<li><a href=\"https:\/\/es.wikipedia.org\/wiki\/Rafael_Amargo\" target=\"_blank\" rel=\"noopener\">Wikipedia Rafael Amargo<\/a><\/li>\n<li><a href=\"https:\/\/www.youtube.com\/watch?v=xW86atCuafQ&amp;list=PLaLCAHqlpzhnZ6aGx2IC1I  pFGZejSZREN\" target=\"_blank\" rel=\"noopener\">Videos<\/a><\/li>\n<li><a href=\"https:\/\/www.facebook.com\/donlucero123\/media_set?set=a.343178809095387.6469  6184.100002098126955&amp;type=3\" target=\"_blank\" rel=\"noopener\">Fotos<\/a><\/li>\n<\/ul>\n","protected":false},"excerpt":{"rendered":"<p>Tiempo Muerto, Enero 2007, Teatro Auditorio Ciudad de Alcobendas &#8211; Espa\u00f1a Sinopsis Rafael Amargo es un bailar\u00edn y core\u00f3grafo ecl\u00e9ctico. Se ha inspirado en el m\u00e1s puro flamenco de sus maestros, pero a la vez ha asimilado otro tipo de tendencias coreogr\u00e1ficas, como las ense\u00f1anzas en la escuela de Marta Graham durante su estancia en<\/p>\n","protected":false},"author":1,"featured_media":0,"parent":0,"menu_order":0,"comment_status":"open","ping_status":"open","template":"","meta":[],"_links":{"self":[{"href":"https:\/\/donlucero.com\/index.php\/wp-json\/wp\/v2\/pages\/1553"}],"collection":[{"href":"https:\/\/donlucero.com\/index.php\/wp-json\/wp\/v2\/pages"}],"about":[{"href":"https:\/\/donlucero.com\/index.php\/wp-json\/wp\/v2\/types\/page"}],"author":[{"embeddable":true,"href":"https:\/\/donlucero.com\/index.php\/wp-json\/wp\/v2\/users\/1"}],"replies":[{"embeddable":true,"href":"https:\/\/donlucero.com\/index.php\/wp-json\/wp\/v2\/comments?post=1553"}],"version-history":[{"count":8,"href":"https:\/\/donlucero.com\/index.php\/wp-json\/wp\/v2\/pages\/1553\/revisions"}],"predecessor-version":[{"id":2119,"href":"https:\/\/donlucero.com\/index.php\/wp-json\/wp\/v2\/pages\/1553\/revisions\/2119"}],"wp:attachment":[{"href":"https:\/\/donlucero.com\/index.php\/wp-json\/wp\/v2\/media?parent=1553"}],"curies":[{"name":"wp","href":"https:\/\/api.w.org\/{rel}","templated":true}]}}

<div class="projectInfoTitle font1">Tiempo Muerto, Enero 2007, Teatro Auditorio Ciudad de Alcobendas &#8211; España</div>
<!-- Final Tiles Grid Gallery for WordPress v3.5.8 free --><style>#ftg-2525 .tile .icon { color:#ffffff; }#ftg-2525 .ftg-items .loading-bar i { background:#666; }#ftg-2525 .ftg-items .loading-bar { background:#fff; }#ftg-2525 .tile .icon { font-size:12px; }#ftg-2525 .tile .icon { margin: -6px 0 0 -6px; }#ftg-2525 .tile .caption-block .text-wrapper span.text { font-size:12px; }#ftg-2525 .tile .caption-outside .text-wrapper span.text { font-size:12px; }#ftg-2525 .tile .caption-block .text-wrapper span.title { font-size:14px; }#ftg-2525 .tile .caption-outside .text-wrapper span.title { font-size:14px; }#ftg-2525 .tile { background-color: transparent; }#ftg-2525 .tile .caption-block .text-wrapper span.text { color: #ffffff; }#ftg-2525 .tile .caption-block .text-wrapper span.title { color: #ffffff; }#ftg-2525 .tile .caption-outside .text-wrapper span.text { color: #ffffff; }#ftg-2525 .tile .caption-outside .text-wrapper span.title { color: #ffffff; }#ftg-2525 .tile .ftg-social a { color: #ffffff; }#ftg-2525 .tile .caption-block { transition-duration:0.25s; }#ftg-2525 .tile .tile-inner:before { background-color: #000000; }#ftg-2525 .tile .tile-inner:before { background-color: rgba(0, 0, 0, 0.8); }#ftg-2525 .tile:hover img {-moz-transform: ;-webkit-transform: ;-o-transform: ;-ms-transform: ;transform: ;}#ftg-2525 .tile .icon {-moz-transition: all .5s;-webkit-transition: all .5s;-o-transition: all .5s;-ms-transition: all .5s;transition: all .5s;}#ftg-2525 .tile:hover .icon {-moz-transform: rotate(360deg);-webkit-transform: rotate(360deg);-o-transform: rotate(360deg);-ms-transform: rotate(360deg);transform: rotate(360deg);}</style><a name='25'></a><div class='final-tiles-gallery  ftg-hover-enabled caption-inside  caption-none caption-middle caption-center' id='ftg-2525' style='width:100%'><div class='ftg-items'><div class='loading-bar'><i></i></div><div  class='tile ftg-preload  '><a title="" data-lightbox='ftg-2525' rel='ftg-2525'  class=' tile-inner  ftg-lightbox' href='https://donlucero.com/wp-content/uploads/2012/07/amarguete.2jpg.jpg' ><img alt='' class='item skip-lazy' data-class='item' data-ftg-source='http://donlucero.com/wp-content/uploads/2012/07/amarguete.2jpg-300x240.jpg' src='http://donlucero.com/wp-content/uploads/2012/07/amarguete.2jpg-300x240.jpg' width='720' height='576' /></a><div class='ftg-social'></div></div><div  class='tile ftg-preload  '><a title="" data-lightbox='ftg-2525' rel='ftg-2525'  class=' tile-inner  ftg-lightbox' href='https://donlucero.com/wp-content/uploads/2012/07/amarguete.jpg' ><img alt='' class='item skip-lazy' data-class='item' data-ftg-source='http://donlucero.com/wp-content/uploads/2012/07/amarguete-300x240.jpg' src='http://donlucero.com/wp-content/uploads/2012/07/amarguete-300x240.jpg' width='720' height='576' /></a><div class='ftg-social'></div></div><div  class='tile ftg-preload  '><a title="" data-lightbox='ftg-2525' rel='ftg-2525'  class=' tile-inner  ftg-lightbox' href='https://donlucero.com/wp-content/uploads/2012/07/amarguete3.jpg' ><img alt='' class='item skip-lazy' data-class='item' data-ftg-source='http://donlucero.com/wp-content/uploads/2012/07/amarguete3-300x240.jpg' src='http://donlucero.com/wp-content/uploads/2012/07/amarguete3-300x240.jpg' width='720' height='576' /></a><div class='ftg-social'></div></div><div  class='tile ftg-preload  '><a title="" data-lightbox='ftg-2525' rel='ftg-2525'  class=' tile-inner  ftg-lightbox' href='https://donlucero.com/wp-content/uploads/2012/07/amarguete4.jpg' ><img alt='' class='item skip-lazy' data-class='item' data-ftg-source='http://donlucero.com/wp-content/uploads/2012/07/amarguete4-300x240.jpg' src='http://donlucero.com/wp-content/uploads/2012/07/amarguete4-300x240.jpg' width='720' height='576' /></a><div class='ftg-social'></div></div><div  class='tile ftg-preload  '><a title="" data-lightbox='ftg-2525' rel='ftg-2525'  class=' tile-inner  ftg-lightbox' href='https://donlucero.com/wp-content/uploads/2012/07/amarguete5.jpg' ><img alt='' class='item skip-lazy' data-class='item' data-ftg-source='http://donlucero.com/wp-content/uploads/2012/07/amarguete5-300x240.jpg' src='http://donlucero.com/wp-content/uploads/2012/07/amarguete5-300x240.jpg' width='720' height='576' /></a><div class='ftg-social'></div></div><div  class='tile ftg-preload  '><a title="" data-lightbox='ftg-2525' rel='ftg-2525'  class=' tile-inner  ftg-lightbox' href='https://donlucero.com/wp-content/uploads/2012/07/amarguete6.jpg' ><img alt='' class='item skip-lazy' data-class='item' data-ftg-source='http://donlucero.com/wp-content/uploads/2012/07/amarguete6-300x240.jpg' src='http://donlucero.com/wp-content/uploads/2012/07/amarguete6-300x240.jpg' width='720' height='576' /></a><div class='ftg-social'></div></div><div  class='tile ftg-preload  '><a title="" data-lightbox='ftg-2525' rel='ftg-2525'  class=' tile-inner  ftg-lightbox' href='https://donlucero.com/wp-content/uploads/2012/07/amarguete7.jpg' ><img alt='' class='item skip-lazy' data-class='item' data-ftg-source='http://donlucero.com/wp-content/uploads/2012/07/amarguete7-300x240.jpg' src='http://donlucero.com/wp-content/uploads/2012/07/amarguete7-300x240.jpg' width='720' height='576' /></a><div class='ftg-social'></div></div><div  class='tile ftg-preload  '><a title="" data-lightbox='ftg-2525' rel='ftg-2525'  class=' tile-inner  ftg-lightbox' href='https://donlucero.com/wp-content/uploads/2012/07/amarguete9.jpg' ><img alt='' class='item skip-lazy' data-class='item' data-ftg-source='http://donlucero.com/wp-content/uploads/2012/07/amarguete9-300x240.jpg' src='http://donlucero.com/wp-content/uploads/2012/07/amarguete9-300x240.jpg' width='720' height='576' /></a><div class='ftg-social'></div></div><div  class='tile ftg-preload  '><a title="" data-lightbox='ftg-2525' rel='ftg-2525'  class=' tile-inner  ftg-lightbox' href='https://donlucero.com/wp-content/uploads/2012/07/amarguete8.jpg' ><img alt='' class='item skip-lazy' data-class='item' data-ftg-source='http://donlucero.com/wp-content/uploads/2012/07/amarguete8-300x240.jpg' src='http://donlucero.com/wp-content/uploads/2012/07/amarguete8-300x240.jpg' width='720' height='576' /></a><div class='ftg-social'></div></div></div></div><script type='text/javascript'>jQuery('#ftg-2525 img.item').removeAttr('src');jQuery(document).ready(function () {setTimeout(function () {jQuery('#ftg-2525').finalTilesGallery({minTileWidth: 100,margin: 2,loadMethod: 'sequential',nonce: 'df06a67071',galleryId: '25',setupFilters: true,layout: 'columns',debug: false,gridSize: 43,disableGridSizeBelow:800,allowEnlargement: true,columns: [[4000, 4],[1024, 4],[800, 3],[480, 3],[320, 2]],selectedFilter: 'n-a'});jQuery(function () {(function () {var rel = '';jQuery('#ftg-2525 .ftg-lightbox').click(function (e) {rel = jQuery(this).attr('rel');jQuery('#ftg-2525 .ftg-current').removeClass('ftg-current');jQuery('#ftg-2525 [rel="'+rel+'"]').addClass('ftg-current');});})();});}, 0);});</script>
<div class="projectInfoTitle font1">Sinopsis</div>
<p>Rafael Amargo es un bailarín y coreógrafo ecléctico. Se ha inspirado en el más puro flamenco de sus maestros, pero a la vez ha asimilado otro tipo de tendencias coreográficas, como las enseñanzas en la escuela de Marta Graham durante su estancia en Nueva York. Sus coreografías rebosan una concepción tradicional y a la vez actual. A veces muy cercanas al baile contemporáneo, nunca pierden el punto de referencia de la esencia del flamenco. En esta ocasión con “Tiempo Muerto” ofrece un montaje muy intimista y un poco oscuro.</p>
<div class="projectInfoTitle font1">Experiencia</div>
<p>La intención de esta puesta desprovista de grande escenografías y marcada esencialmente por sus silencios y ritmos oscuros, debía lograr unas imágenes que seduzcan al público sobre todo emocionalmente . Para este proyecto en la ecléctica etapa de Rafael, se ve un regreso hacia la esencia y coherencia mas pura del flamenco. Con una compleja y muy exigente coreografía fuimos elaborando un plan para satisfacer y unir este cóctel de danza embriagoso y espectacular.</p>
<div class="projectInfoTitle font1">Ficha Artística</div>
<ul>
<li>Dirección y coreografía: Rafael Amargo</li>
<li>Bailaoras: Eli Ayala, Carmen Iglesias, Vera León, Mara Martínez `La Diosa´, Susi Parra</li>
<li>Repetidora: Mara Martínez</li>
<li>Música: Juan Parrilla, Flavio Rodrígues y Camarón de Pitita</li>
<li>Músicos: Flavio Rodrígues, Eduardo Cortés, Maite Maya, Carmina Cortés, Pedro Obregón, Antonio Maya, Moi Natenzon, Juan Parrilla, David Moreira, Jato, Susana Rico</li>
<li>Letras: Rafael Amargo</li>
</ul>
<div class="projectInfoTitle font1">Ficha Técnica</div>
<ul>
<li>Dirección musical: Juan Parrilla y Flavio Rodrígues</li>
<li>Sonido: Álex González</li>
<li>Iluminación: Ezequiel Nobili Fotografía: Jesús Vallinas y Álvaro Villarrubia</li>
<li>Diseño gráfico: Barbeito&amp;Manrique</li>
</ul>
<div class="projectInfoTitle font1">Links</div>
<ul>
<li><a href="http://rafaelamargo.com" target="_blank" rel="noopener">Página del artista</a></li>
<li><a href="https://www.facebook.com/lorcaygranada" target="_blank" rel="noopener">Facebook del artista</a></li>
<li><a href="https://es.wikipedia.org/wiki/Rafael_Amargo" target="_blank" rel="noopener">Wikipedia Rafael Amargo</a></li>
<li><a href="https://www.youtube.com/watch?v=xW86atCuafQ&amp;list=PLaLCAHqlpzhnZ6aGx2IC1I  pFGZejSZREN" target="_blank" rel="noopener">Videos</a></li>
<li><a href="https://www.facebook.com/donlucero123/media_set?set=a.343178809095387.6469  6184.100002098126955&amp;type=3" target="_blank" rel="noopener">Fotos</a></li>
</ul>

<p>Tiempo Muerto, Enero 2007, Teatro Auditorio Ciudad de Alcobendas &#8211; España Sinopsis Rafael Amargo es un bailarín y coreógrafo ecléctico. Se ha inspirado en el más puro flamenco de sus maestros, pero a la vez ha asimilado otro tipo de tendencias coreográficas, como las enseñanzas en la escuela de Marta Graham durante su estancia en</p>
