{"id":1556,"date":"2015-05-10T20:28:59","date_gmt":"2015-05-10T20:28:59","guid":{"rendered":"http:\/\/donlucero.com\/?page_id=1556"},"modified":"2023-07-15T16:43:09","modified_gmt":"2023-07-15T16:43:09","slug":"rata-blanca","status":"publish","type":"page","link":"https:\/\/donlucero.com\/index.php\/rata-blanca","title":{"rendered":"Rata Blanca"},"content":{"rendered":"<div class=\"projectInfoTitle font1\">Junio 2009, Estadio Luna Park &#8211; Bs. As. Argentina<\/div>\n<!-- Final Tiles Grid Gallery for WordPress v3.5.8 free --><style>#ftg-2626 .tile .icon { color:#ffffff; }#ftg-2626 .ftg-items .loading-bar i { background:#666; }#ftg-2626 .ftg-items .loading-bar { background:#fff; }#ftg-2626 .tile .icon { font-size:12px; }#ftg-2626 .tile .icon { margin: -6px 0 0 -6px; }#ftg-2626 .tile .caption-block .text-wrapper span.text { font-size:12px; }#ftg-2626 .tile .caption-outside .text-wrapper span.text { font-size:12px; }#ftg-2626 .tile .caption-block .text-wrapper span.title { font-size:14px; }#ftg-2626 .tile .caption-outside .text-wrapper span.title { font-size:14px; }#ftg-2626 .tile { background-color: transparent; }#ftg-2626 .tile .caption-block .text-wrapper span.text { color: #ffffff; }#ftg-2626 .tile .caption-block .text-wrapper span.title { color: #ffffff; }#ftg-2626 .tile .caption-outside .text-wrapper span.text { color: #ffffff; }#ftg-2626 .tile .caption-outside .text-wrapper span.title { color: #ffffff; }#ftg-2626 .tile .ftg-social a { color: #ffffff; }#ftg-2626 .tile .caption-block { transition-duration:0.25s; }#ftg-2626 .tile .tile-inner:before { background-color: #000000; }#ftg-2626 .tile .tile-inner:before { background-color: rgba(0, 0, 0, 0.8); }#ftg-2626 .tile:hover img {-moz-transform: ;-webkit-transform: ;-o-transform: ;-ms-transform: ;transform: ;}#ftg-2626 .tile .icon {-moz-transition: all .5s;-webkit-transition: all .5s;-o-transition: all .5s;-ms-transition: all .5s;transition: all .5s;}#ftg-2626 .tile:hover .icon {-moz-transform: rotate(360deg);-webkit-transform: rotate(360deg);-o-transform: rotate(360deg);-ms-transform: rotate(360deg);transform: rotate(360deg);}<\/style><a name='26'><\/a><div class='final-tiles-gallery  ftg-hover-enabled caption-inside  caption-none caption-middle caption-center' id='ftg-2626' style='width:100%'><div class='ftg-items'><div class='loading-bar'><i><\/i><\/div><div  class='tile ftg-preload  '><a title=\"\" data-lightbox='ftg-2626' rel='ftg-2626'  class=' tile-inner  ftg-lightbox' href='https:\/\/donlucero.com\/wp-content\/uploads\/2015\/07\/4024861244_fae7db3d80_b.jpg' ><img alt='' class='item skip-lazy' data-class='item' data-ftg-source='http:\/\/donlucero.com\/wp-content\/uploads\/2015\/07\/4024861244_fae7db3d80_b-150x150.jpg' src='http:\/\/donlucero.com\/wp-content\/uploads\/2015\/07\/4024861244_fae7db3d80_b-150x150.jpg' width='500' height='747' \/><\/a><div class='ftg-social'><\/div><\/div><div  class='tile ftg-preload  '><a title=\"\" data-lightbox='ftg-2626' rel='ftg-2626'  class=' tile-inner  ftg-lightbox' href='https:\/\/donlucero.com\/wp-content\/uploads\/2015\/07\/rata13.jpg' ><img alt='' class='item skip-lazy' data-class='item' data-ftg-source='http:\/\/donlucero.com\/wp-content\/uploads\/2015\/07\/rata13-150x150.jpg' src='http:\/\/donlucero.com\/wp-content\/uploads\/2015\/07\/rata13-150x150.jpg' width='350' height='234' \/><\/a><div class='ftg-social'><\/div><\/div><div  class='tile ftg-preload  '><a title=\"\" data-lightbox='ftg-2626' rel='ftg-2626'  class=' tile-inner  ftg-lightbox' href='https:\/\/donlucero.com\/wp-content\/uploads\/2015\/07\/junio_2009_rata_blanca_luna_231.jpg' ><img alt='' class='item skip-lazy' data-class='item' data-ftg-source='http:\/\/donlucero.com\/wp-content\/uploads\/2015\/07\/junio_2009_rata_blanca_luna_231-150x150.jpg' src='http:\/\/donlucero.com\/wp-content\/uploads\/2015\/07\/junio_2009_rata_blanca_luna_231-150x150.jpg' width='600' height='393' \/><\/a><div class='ftg-social'><\/div><\/div><div  class='tile ftg-preload  '><a title=\"\" data-lightbox='ftg-2626' rel='ftg-2626'  class=' tile-inner  ftg-lightbox' href='https:\/\/donlucero.com\/wp-content\/uploads\/2015\/07\/03d9abc67e7bca8b97b3f7f0b2624807.wix_mp_1024.jpg' ><img alt='' class='item skip-lazy' data-class='item' data-ftg-source='http:\/\/donlucero.com\/wp-content\/uploads\/2015\/07\/03d9abc67e7bca8b97b3f7f0b2624807.wix_mp_1024-150x150.jpg' src='http:\/\/donlucero.com\/wp-content\/uploads\/2015\/07\/03d9abc67e7bca8b97b3f7f0b2624807.wix_mp_1024-150x150.jpg' width='604' height='453' \/><\/a><div class='ftg-social'><\/div><\/div><div  class='tile ftg-preload  '><a title=\"\" data-lightbox='ftg-2626' rel='ftg-2626'  class=' tile-inner  ftg-lightbox' href='https:\/\/donlucero.com\/wp-content\/uploads\/2012\/07\/215509_119359588143978_7440869_n.jpg' ><img alt='' class='item skip-lazy' data-class='item' data-ftg-source='http:\/\/donlucero.com\/wp-content\/uploads\/2012\/07\/215509_119359588143978_7440869_n-199x300.jpg' src='http:\/\/donlucero.com\/wp-content\/uploads\/2012\/07\/215509_119359588143978_7440869_n-199x300.jpg' width='478' height='720' \/><\/a><div class='ftg-social'><\/div><\/div><div  class='tile ftg-preload  '><a title=\"\" data-lightbox='ftg-2626' rel='ftg-2626'  class=' tile-inner  ftg-lightbox' href='https:\/\/donlucero.com\/wp-content\/uploads\/2012\/07\/218056_119358821477388_3011549_n.jpg' ><img alt='' class='item skip-lazy' data-class='item' data-ftg-source='http:\/\/donlucero.com\/wp-content\/uploads\/2012\/07\/218056_119358821477388_3011549_n-300x225.jpg' src='http:\/\/donlucero.com\/wp-content\/uploads\/2012\/07\/218056_119358821477388_3011549_n-300x225.jpg' width='720' height='540' \/><\/a><div class='ftg-social'><\/div><\/div><div  class='tile ftg-preload  '><a title=\"\" data-lightbox='ftg-2626' rel='ftg-2626'  class=' tile-inner  ftg-lightbox' href='https:\/\/donlucero.com\/wp-content\/uploads\/2012\/07\/222254_119358878144049_4735196_n.jpg' ><img alt='' class='item skip-lazy' data-class='item' data-ftg-source='http:\/\/donlucero.com\/wp-content\/uploads\/2012\/07\/222254_119358878144049_4735196_n-300x225.jpg' src='http:\/\/donlucero.com\/wp-content\/uploads\/2012\/07\/222254_119358878144049_4735196_n-300x225.jpg' width='720' height='540' \/><\/a><div class='ftg-social'><\/div><\/div><div  class='tile ftg-preload  '><a title=\"\" data-lightbox='ftg-2626' rel='ftg-2626'  class=' tile-inner  ftg-lightbox' href='https:\/\/donlucero.com\/wp-content\/uploads\/2012\/07\/217030_119360274810576_4283596_n.jpg' ><img alt='' class='item skip-lazy' data-class='item' data-ftg-source='http:\/\/donlucero.com\/wp-content\/uploads\/2012\/07\/217030_119360274810576_4283596_n-300x199.jpg' src='http:\/\/donlucero.com\/wp-content\/uploads\/2012\/07\/217030_119360274810576_4283596_n-300x199.jpg' width='720' height='478' \/><\/a><div class='ftg-social'><\/div><\/div><div  class='tile ftg-preload  '><a title=\"\" data-lightbox='ftg-2626' rel='ftg-2626'  class=' tile-inner  ftg-lightbox' href='https:\/\/donlucero.com\/wp-content\/uploads\/2012\/07\/222468_119359654810638_7531986_n.jpg' ><img alt='' class='item skip-lazy' data-class='item' data-ftg-source='http:\/\/donlucero.com\/wp-content\/uploads\/2012\/07\/222468_119359654810638_7531986_n-199x300.jpg' src='http:\/\/donlucero.com\/wp-content\/uploads\/2012\/07\/222468_119359654810638_7531986_n-199x300.jpg' width='478' height='720' \/><\/a><div class='ftg-social'><\/div><\/div><div  class='tile ftg-preload  '><a title=\"\" data-lightbox='ftg-2626' rel='ftg-2626'  class=' tile-inner  ftg-lightbox' href='https:\/\/donlucero.com\/wp-content\/uploads\/2012\/07\/223254_119359868143950_6069100_n.jpg' ><img alt='' class='item skip-lazy' data-class='item' data-ftg-source='http:\/\/donlucero.com\/wp-content\/uploads\/2012\/07\/223254_119359868143950_6069100_n-300x199.jpg' src='http:\/\/donlucero.com\/wp-content\/uploads\/2012\/07\/223254_119359868143950_6069100_n-300x199.jpg' width='720' height='478' \/><\/a><div class='ftg-social'><\/div><\/div><div  class='tile ftg-preload  '><a title=\"\" data-lightbox='ftg-2626' rel='ftg-2626'  class=' tile-inner  ftg-lightbox' href='https:\/\/donlucero.com\/wp-content\/uploads\/2012\/07\/223537_119359014810702_4832107_n.jpg' ><img alt='' class='item skip-lazy' data-class='item' data-ftg-source='http:\/\/donlucero.com\/wp-content\/uploads\/2012\/07\/223537_119359014810702_4832107_n-200x300.jpg' src='http:\/\/donlucero.com\/wp-content\/uploads\/2012\/07\/223537_119359014810702_4832107_n-200x300.jpg' width='482' height='720' \/><\/a><div class='ftg-social'><\/div><\/div><\/div><\/div><script type='text\/javascript'>jQuery('#ftg-2626 img.item').removeAttr('src');jQuery(document).ready(function () {setTimeout(function () {jQuery('#ftg-2626').finalTilesGallery({minTileWidth: 100,margin: 2,loadMethod: 'sequential',nonce: '8c48c9b39f',galleryId: '26',setupFilters: true,layout: 'columns',debug: false,gridSize: 43,disableGridSizeBelow:800,allowEnlargement: true,columns: [[4000, 4],[1024, 4],[800, 3],[480, 3],[320, 2]],selectedFilter: 'n-a'});jQuery(function () {(function () {var rel = '';jQuery('#ftg-2626 .ftg-lightbox').click(function (e) {rel = jQuery(this).attr('rel');jQuery('#ftg-2626 .ftg-current').removeClass('ftg-current');jQuery('#ftg-2626 [rel=\"'+rel+'\"]').addClass('ftg-current');});})();});}, 0);});<\/script>\n<div class=\"projectInfoTitle font1\">Sinopsis<\/div>\n<p>Rata Blanca es una banda de heavy metal formada en la ciudad de Buenos Aires (Bajo Flores), Argentina, en 1986, y que est\u00e1 considerada una de las m\u00e1s importantes e influyentes del heavy metal en espa\u00f1ol,\u202a aunque durante su carrera tambi\u00e9n han incorporado hard rock, power metal, speed metal y metal neocl\u00e1sico, combinando pesados riffs con estructuras mel\u00f3dicas y arm\u00f3nicas de la m\u00fasica cl\u00e1sica.\u202a\u202c\u202c\u202c\u202c\u202c\u202c La banda se lanza al estrellato en la d\u00e9cada del &#8217;90, destac\u00e1ndose como una de las bandas argentinas m\u00e1s populares de todos los tiempos.\u202a Tres de sus \u00e1lbumes han sido incluidos entre los mejores 250 del rock iberoamericano.\u202a Su carrera parece impulsarse a los m\u00e1s altos niveles cuando en 1990 publican su segundo disco, Magos, Espadas y Rosas, con m\u00e1s de 5 millones de copias,\u202a\u202c logrando varias distinciones, y que le ha valido el comienzo de una larga hegemon\u00eda en el contexto internacional, estableciendo firmemente su reputaci\u00f3n como banda en vivo.\u202c\u202c\u202c\u202c\u202c\u202c\u202c\u202c\u202c<\/p>\n<div class=\"projectInfoTitle font1\">Experiencia<\/div>\n<p>El reino olvidado es el octavo \u00e1lbum de estudio de Rata Blanca, y para su presentaci\u00f3n en el Estadio Luna Park preparamos una puesta potente, que ten\u00eda el talism\u00e1n central como elemento principal, desde donde las estructuras de iluminaci\u00f3n formaban parte del decorado, acentuando conc\u00e9ntricamente su lugar. La transversalidad y las alturas de la distribuci\u00f3n de las luminarias, nos permiti\u00f3 crear \u00e1ngulos de incidencia y ritmos visuales asombrosos. Un tel\u00f3n kabuki inicial ocultaba la puesta en escena que combinaba el arte de la tapa del disco con la puesta de la banda en vivo, de manera brutal la pirotecnia daba inicio a un concierto hist\u00f3rico.<\/p>\n<div class=\"projectInfoTitle font1\">Ficha Art\u00edstica<\/div>\n<ul>\n<li>Voz: Adri\u00e1n Barilari<\/li>\n<li>Guitarra: Walter Giardino<\/li>\n<li>Teclados: Hugo Bistolfi<\/li>\n<li>Bajo:&nbsp;Guillermo S\u00e1nchez<\/li>\n<li>Bater\u00eda:&nbsp;Fernando Scarcella<\/li>\n<li>Invitada: Tarja Turunen<\/li>\n<\/ul>\n<div class=\"projectInfoTitle font1\">Ficha T\u00e9cnica<\/div>\n<ul>\n<li>Dise\u00f1o Iluminaci\u00f3n: Ezequiel Nobili<\/li>\n<li>Dise\u00f1o Sonido:&nbsp;Martin Toledo<\/li>\n<li>Jefe de Producci\u00f3n: Rodolfo Botto<\/li>\n<li>Jefe escenario:&nbsp;Gervasio Gigena<\/li>\n<\/ul>\n<div class=\"projectInfoTitle font1\">Links<\/div>\n<ul>\n<li><a href=\"http:\/\/www.ratablanca.net\" target=\"_blank\" rel=\"noopener\">Web del artista<\/a><\/li>\n<li><a href=\"https:\/\/www.facebook.com\/RataBlancaOfficial\" target=\"_blank\" rel=\"noopener\">Facebook<\/a><\/li>\n<li><a href=\"https:\/\/es.wikipedia.org\/wiki\/Rata_Blanca\" target=\"_blank\" rel=\"noopener\">Wikipedia Rata blanca<\/a><\/li>\n<li><a href=\"https:\/\/www.youtube.com\/user\/RataBlancaonline\" target=\"_blank\" rel=\"noopener\">Youtube<\/a><\/li>\n<li><a href=\"https:\/\/www.youtube.com\/watch?v=btY62zptjCU&amp;list=PLaLCAHqlpzhnlmaGgiRnIEc  RbYMY40Yz-&amp;index=4\" target=\"_blank\" rel=\"noopener\">Videos Enlace 1<\/a><\/li>\n<\/ul>\n","protected":false},"excerpt":{"rendered":"<p>Junio 2009, Estadio Luna Park &#8211; Bs. As. Argentina Sinopsis Rata Blanca es una banda de heavy metal formada en la ciudad de Buenos Aires (Bajo Flores), Argentina, en 1986, y que est\u00e1 considerada una de las m\u00e1s importantes e influyentes del heavy metal en espa\u00f1ol,\u202a aunque durante su carrera tambi\u00e9n han incorporado hard rock,<\/p>\n","protected":false},"author":1,"featured_media":0,"parent":0,"menu_order":0,"comment_status":"open","ping_status":"open","template":"","meta":[],"_links":{"self":[{"href":"https:\/\/donlucero.com\/index.php\/wp-json\/wp\/v2\/pages\/1556"}],"collection":[{"href":"https:\/\/donlucero.com\/index.php\/wp-json\/wp\/v2\/pages"}],"about":[{"href":"https:\/\/donlucero.com\/index.php\/wp-json\/wp\/v2\/types\/page"}],"author":[{"embeddable":true,"href":"https:\/\/donlucero.com\/index.php\/wp-json\/wp\/v2\/users\/1"}],"replies":[{"embeddable":true,"href":"https:\/\/donlucero.com\/index.php\/wp-json\/wp\/v2\/comments?post=1556"}],"version-history":[{"count":7,"href":"https:\/\/donlucero.com\/index.php\/wp-json\/wp\/v2\/pages\/1556\/revisions"}],"predecessor-version":[{"id":2120,"href":"https:\/\/donlucero.com\/index.php\/wp-json\/wp\/v2\/pages\/1556\/revisions\/2120"}],"wp:attachment":[{"href":"https:\/\/donlucero.com\/index.php\/wp-json\/wp\/v2\/media?parent=1556"}],"curies":[{"name":"wp","href":"https:\/\/api.w.org\/{rel}","templated":true}]}}