{"id":1558,"date":"2015-05-10T20:31:03","date_gmt":"2015-05-10T20:31:03","guid":{"rendered":"http:\/\/donlucero.com\/?page_id=1558"},"modified":"2023-07-15T16:43:20","modified_gmt":"2023-07-15T16:43:20","slug":"rosana","status":"publish","type":"page","link":"https:\/\/donlucero.com\/index.php\/rosana","title":{"rendered":"Rosana"},"content":{"rendered":"<div class=\"projectInfoTitle font1\">Verano 2006, Gira Espa\u00f1a<\/div>\n<!-- Final Tiles Grid Gallery for WordPress v3.5.8 free --><style>#ftg-2727 .tile .icon { color:#ffffff; }#ftg-2727 .ftg-items .loading-bar i { background:#666; }#ftg-2727 .ftg-items .loading-bar { background:#fff; }#ftg-2727 .tile .icon { font-size:12px; }#ftg-2727 .tile .icon { margin: -6px 0 0 -6px; }#ftg-2727 .tile .caption-block .text-wrapper span.text { font-size:12px; }#ftg-2727 .tile .caption-outside .text-wrapper span.text { font-size:12px; }#ftg-2727 .tile .caption-block .text-wrapper span.title { font-size:14px; }#ftg-2727 .tile .caption-outside .text-wrapper span.title { font-size:14px; }#ftg-2727 .tile { background-color: transparent; }#ftg-2727 .tile .caption-block .text-wrapper span.text { color: #ffffff; }#ftg-2727 .tile .caption-block .text-wrapper span.title { color: #ffffff; }#ftg-2727 .tile .caption-outside .text-wrapper span.text { color: #ffffff; }#ftg-2727 .tile .caption-outside .text-wrapper span.title { color: #ffffff; }#ftg-2727 .tile .ftg-social a { color: #ffffff; }#ftg-2727 .tile .caption-block { transition-duration:0.25s; }#ftg-2727 .tile .tile-inner:before { background-color: #000000; }#ftg-2727 .tile .tile-inner:before { background-color: rgba(0, 0, 0, 0.8); }#ftg-2727 .tile:hover img {-moz-transform: ;-webkit-transform: ;-o-transform: ;-ms-transform: ;transform: ;}#ftg-2727 .tile .icon {-moz-transition: all .5s;-webkit-transition: all .5s;-o-transition: all .5s;-ms-transition: all .5s;transition: all .5s;}#ftg-2727 .tile:hover .icon {-moz-transform: rotate(360deg);-webkit-transform: rotate(360deg);-o-transform: rotate(360deg);-ms-transform: rotate(360deg);transform: rotate(360deg);}<\/style><a name='27'><\/a><div class='final-tiles-gallery  ftg-hover-enabled caption-inside  caption-none caption-middle caption-center' id='ftg-2727' style='width:100%'><div class='ftg-items'><div class='loading-bar'><i><\/i><\/div><div  class='tile ftg-preload  '><a title=\"\" data-lightbox='ftg-2727' rel='ftg-2727'  class=' tile-inner  ftg-lightbox' href='https:\/\/donlucero.com\/wp-content\/uploads\/2015\/07\/IMG_4048-1024x768.jpg' ><img alt='' class='item skip-lazy' data-class='item' data-ftg-source='http:\/\/donlucero.com\/wp-content\/uploads\/2015\/07\/IMG_4048-150x150.jpg' src='http:\/\/donlucero.com\/wp-content\/uploads\/2015\/07\/IMG_4048-150x150.jpg' width='2048' height='1536' \/><\/a><div class='ftg-social'><\/div><\/div><div  class='tile ftg-preload  '><a title=\"\" data-lightbox='ftg-2727' rel='ftg-2727'  class=' tile-inner  ftg-lightbox' href='https:\/\/donlucero.com\/wp-content\/uploads\/2015\/07\/IMG_4029-1024x768.jpg' ><img alt='' class='item skip-lazy' data-class='item' data-ftg-source='http:\/\/donlucero.com\/wp-content\/uploads\/2015\/07\/IMG_4029-150x150.jpg' src='http:\/\/donlucero.com\/wp-content\/uploads\/2015\/07\/IMG_4029-150x150.jpg' width='2048' height='1536' \/><\/a><div class='ftg-social'><\/div><\/div><div  class='tile ftg-preload  '><a title=\"\" data-lightbox='ftg-2727' rel='ftg-2727'  class=' tile-inner  ftg-lightbox' href='https:\/\/donlucero.com\/wp-content\/uploads\/2012\/07\/181945_103724193040851_7540866_n.jpg' ><img alt='' class='item skip-lazy' data-class='item' data-ftg-source='http:\/\/donlucero.com\/wp-content\/uploads\/2012\/07\/181945_103724193040851_7540866_n-300x225.jpg' src='http:\/\/donlucero.com\/wp-content\/uploads\/2012\/07\/181945_103724193040851_7540866_n-300x225.jpg' width='720' height='540' \/><\/a><div class='ftg-social'><\/div><\/div><div  class='tile ftg-preload  '><a title=\"\" data-lightbox='ftg-2727' rel='ftg-2727'  class=' tile-inner  ftg-lightbox' href='https:\/\/donlucero.com\/wp-content\/uploads\/2012\/07\/182050_103724233040847_869697_n.jpg' ><img alt='' class='item skip-lazy' data-class='item' data-ftg-source='http:\/\/donlucero.com\/wp-content\/uploads\/2012\/07\/182050_103724233040847_869697_n-300x225.jpg' src='http:\/\/donlucero.com\/wp-content\/uploads\/2012\/07\/182050_103724233040847_869697_n-300x225.jpg' width='720' height='540' \/><\/a><div class='ftg-social'><\/div><\/div><div  class='tile ftg-preload  '><a title=\"\" data-lightbox='ftg-2727' rel='ftg-2727'  class=' tile-inner  ftg-lightbox' href='https:\/\/donlucero.com\/wp-content\/uploads\/2012\/07\/184202_103724293040841_5238192_n.jpg' ><img alt='' class='item skip-lazy' data-class='item' data-ftg-source='http:\/\/donlucero.com\/wp-content\/uploads\/2012\/07\/184202_103724293040841_5238192_n-300x225.jpg' src='http:\/\/donlucero.com\/wp-content\/uploads\/2012\/07\/184202_103724293040841_5238192_n-300x225.jpg' width='720' height='540' \/><\/a><div class='ftg-social'><\/div><\/div><div  class='tile ftg-preload  '><a title=\"\" data-lightbox='ftg-2727' rel='ftg-2727'  class=' tile-inner  ftg-lightbox' href='https:\/\/donlucero.com\/wp-content\/uploads\/2012\/07\/185909_103724136374190_1868852_n.jpg' ><img alt='Gira Espa\u00f1a' class='item skip-lazy' data-class='item' data-ftg-source='http:\/\/donlucero.com\/wp-content\/uploads\/2012\/07\/185909_103724136374190_1868852_n-300x225.jpg' src='http:\/\/donlucero.com\/wp-content\/uploads\/2012\/07\/185909_103724136374190_1868852_n-300x225.jpg' width='720' height='540' \/><\/a><div class='ftg-social'><\/div><\/div><\/div><\/div><script type='text\/javascript'>jQuery('#ftg-2727 img.item').removeAttr('src');jQuery(document).ready(function () {setTimeout(function () {jQuery('#ftg-2727').finalTilesGallery({minTileWidth: 100,margin: 2,loadMethod: 'sequential',nonce: 'da0ec19fc3',galleryId: '27',setupFilters: true,layout: 'columns',debug: false,gridSize: 43,disableGridSizeBelow:800,allowEnlargement: true,columns: [[4000, 4],[1024, 4],[800, 3],[480, 3],[320, 2]],selectedFilter: 'n-a'});jQuery(function () {(function () {var rel = '';jQuery('#ftg-2727 .ftg-lightbox').click(function (e) {rel = jQuery(this).attr('rel');jQuery('#ftg-2727 .ftg-current').removeClass('ftg-current');jQuery('#ftg-2727 [rel=\"'+rel+'\"]').addClass('ftg-current');});})();});}, 0);});<\/script>\n<div class=\"projectInfoTitle font1\">Sinopsis<\/div>\n<p>Rosana revolucion\u00f3 el mercado de la m\u00fasica espa\u00f1ola de finales de los 90. Con un primer disco donde apenas se le ve\u00eda el rostro, su guitarra y un pu\u00f1ado de canciones \u00edntimas, sus mensajes y melod\u00edas fueron tan directos a los sentidos que se comi\u00f3, literalmente, el mercado. Aquel a\u00f1o 1996, Lunas rotas se convirti\u00f3 en la entrada m\u00e1s fuerte de un artista nuevo en las listas de ventas en Espa\u00f1a, con El talism\u00e1n como estandarte. A partir de ah\u00ed arranc\u00f3 una carrera marcada por los 7 discos que ha editado, de los que ha vendido 10 millones de copias en los casi 30 pa\u00edses que han salido a la luz.<\/p>\n<div class=\"projectInfoTitle font1\">Experiencia<\/div>\n<p>En la \u00faltima d\u00e9cada se vienen produciendo importantes cambios en el sector de los conciertos en vivo, sobre todo en el campo de la imagen. \u00daltimamente podemos ver potentes shows multimedia.<br \/>\nRosana y su productora contaban con esto para su propuesta \u201cMagia 2006\u201d. Luego de darme las pautas generales y los elementos puntuales para algunos momentos precisos, me dieron libertad creativa para trabajar.<br \/>\nAl comienzo sus canciones me inspiraban una puesta tranquila y muy clim\u00e1tica, pero en seguida Rosana me pidi\u00f3 movimiento y color, ya que su gira de verano promet\u00eda ser una verdadera fiesta, y prefer\u00eda el otro concepto para la gira de invierno, mas teatral.<br \/>\nEn la PRE-producci\u00f3n, program\u00e9 diferentes im\u00e1genes y movimientos acordes a los ritmos de las canciones del amplio repertorio que van de la balada al rock, pasando por la rumba entre otros, que caracteriza ese estilo personal de Rosana.<br \/>\nPantallas de led, proyecciones, efectos de agua y burbujas, son algunos de los elementos utilizados para que este directo sea un potente espect\u00e1culo audiovisual. Pero lo que realmente le ha dado la Magia, ha sido esa comunicaci\u00f3n y entrega entre la artista y su p\u00fablico.<\/p>\n<div class=\"projectInfoTitle font1\">Ficha T\u00e9cnica<\/div>\n<ul>\n<li>Direcci\u00f3n: Jos\u00e9 Luis Saiz<\/li>\n<li>Dise\u00f1o Iluminaci\u00f3n: Ezequiel Nobili<\/li>\n<li>Dise\u00f1o de Sonido:&nbsp;Luis Drake<\/li>\n<li>Coreograf\u00eda: Isabel Bay\u00f3n, Jos\u00e9 Porcel, Rub\u00e9n Olmo, Roc\u00edo Molina<\/li>\n<li>Distribuci\u00f3n: Isabel Rufino<\/li>\n<\/ul>\n<div class=\"projectInfoTitle font1\">Links<\/div>\n<ul>\n<li><a href=\"http:\/\/www.rosana.net\" target=\"_blank\" rel=\"noopener\">P\u00e1gina del artista<\/a><\/li>\n<li><a href=\"https:\/\/www.facebook.com\/Rosanacantante\" target=\"_blank\" rel=\"noopener\">Facebook<\/a><\/li>\n<li><a href=\"https:\/\/www.youtube.com\/user\/rosana\" target=\"_blank\" rel=\"noopener\">Youtube<\/a><\/li>\n<\/ul>\n","protected":false},"excerpt":{"rendered":"<p>Verano 2006, Gira Espa\u00f1a Sinopsis Rosana revolucion\u00f3 el mercado de la m\u00fasica espa\u00f1ola de finales de los 90. Con un primer disco donde apenas se le ve\u00eda el rostro, su guitarra y un pu\u00f1ado de canciones \u00edntimas, sus mensajes y melod\u00edas fueron tan directos a los sentidos que se comi\u00f3, literalmente, el mercado. Aquel a\u00f1o<\/p>\n","protected":false},"author":1,"featured_media":0,"parent":0,"menu_order":0,"comment_status":"open","ping_status":"open","template":"","meta":[],"_links":{"self":[{"href":"https:\/\/donlucero.com\/index.php\/wp-json\/wp\/v2\/pages\/1558"}],"collection":[{"href":"https:\/\/donlucero.com\/index.php\/wp-json\/wp\/v2\/pages"}],"about":[{"href":"https:\/\/donlucero.com\/index.php\/wp-json\/wp\/v2\/types\/page"}],"author":[{"embeddable":true,"href":"https:\/\/donlucero.com\/index.php\/wp-json\/wp\/v2\/users\/1"}],"replies":[{"embeddable":true,"href":"https:\/\/donlucero.com\/index.php\/wp-json\/wp\/v2\/comments?post=1558"}],"version-history":[{"count":6,"href":"https:\/\/donlucero.com\/index.php\/wp-json\/wp\/v2\/pages\/1558\/revisions"}],"predecessor-version":[{"id":2121,"href":"https:\/\/donlucero.com\/index.php\/wp-json\/wp\/v2\/pages\/1558\/revisions\/2121"}],"wp:attachment":[{"href":"https:\/\/donlucero.com\/index.php\/wp-json\/wp\/v2\/media?parent=1558"}],"curies":[{"name":"wp","href":"https:\/\/api.w.org\/{rel}","templated":true}]}}